Last updated on 2018-02-25 00:49:02 CET.
Flavor | Version | Tinstall | Tcheck | Ttotal | Status | Flags |
---|---|---|---|---|---|---|
r-devel-linux-x86_64-debian-clang | 1.1.2 | 8.86 | 150.53 | 159.39 | OK | |
r-devel-linux-x86_64-debian-gcc | 1.1.2 | 7.11 | 107.04 | 114.15 | OK | |
r-devel-linux-x86_64-fedora-clang | 1.1.2 | 183.89 | OK | |||
r-devel-linux-x86_64-fedora-gcc | 1.1.2 | 175.02 | OK | |||
r-devel-windows-ix86+x86_64 | 1.1.2 | 18.00 | 188.00 | 206.00 | OK | |
r-patched-linux-x86_64 | 1.1.2 | 2.55 | 159.92 | 162.47 | OK | |
r-patched-solaris-x86 | 1.1.2 | 265.30 | OK | |||
r-release-linux-x86_64 | 1.1.2 | 1.91 | 159.03 | 160.94 | OK | |
r-release-windows-ix86+x86_64 | 1.1.2 | 8.00 | 208.00 | 216.00 | OK | |
r-release-osx-x86_64 | 1.1.2 | ERROR | ||||
r-oldrel-osx-x86_64 | 1.1.1 | ERROR |
Version: 1.1.2
Check: package dependencies
Result: ERROR
Package required but not available: ‘seewave’
See section ‘The DESCRIPTION file’ in the ‘Writing R Extensions’
manual.
Flavor: r-release-osx-x86_64
Version: 1.1.1
Check: whether package can be installed
Result: ERROR
Installation failed.
Flavor: r-oldrel-osx-x86_64