Last updated on 2018-02-25 00:49:02 CET.
Flavor | Version | Tinstall | Tcheck | Ttotal | Status | Flags |
---|---|---|---|---|---|---|
r-devel-linux-x86_64-debian-clang | 1.0-4 | 5.72 | 102.03 | 107.75 | OK | |
r-devel-linux-x86_64-debian-gcc | 1.0-4 | 6.05 | 76.64 | 82.69 | OK | |
r-devel-linux-x86_64-fedora-clang | 1.0-4 | 137.04 | OK | |||
r-devel-linux-x86_64-fedora-gcc | 1.0-4 | 132.42 | OK | |||
r-devel-windows-ix86+x86_64 | 1.0-4 | 14.00 | 128.00 | 142.00 | OK | |
r-patched-linux-x86_64 | 1.0-4 | 4.66 | 105.58 | 110.24 | OK | |
r-patched-solaris-x86 | 1.0-4 | 148.20 | OK | |||
r-release-linux-x86_64 | 1.0-4 | 4.41 | 108.14 | 112.55 | OK | |
r-release-windows-ix86+x86_64 | 1.0-4 | 11.00 | 128.00 | 139.00 | OK | |
r-release-osx-x86_64 | 1.0-4 | NOTE | ||||
r-oldrel-windows-ix86+x86_64 | 1.0-4 | 8.00 | 123.00 | 131.00 | OK | |
r-oldrel-osx-x86_64 | 1.0-4 | NOTE |
Version: 1.0-4
Check: package dependencies
Result: NOTE
Package suggested but not available for checking: ‘rgbif’
Flavors: r-release-osx-x86_64, r-oldrel-osx-x86_64