Last updated on 2018-02-25 00:49:02 CET.
Flavor | Version | Tinstall | Tcheck | Ttotal | Status | Flags |
---|---|---|---|---|---|---|
r-devel-linux-x86_64-debian-clang | 1.3.0 | 5.16 | 83.73 | 88.89 | OK | |
r-devel-linux-x86_64-debian-gcc | 1.3.0 | 3.25 | 61.74 | 64.99 | OK | |
r-devel-linux-x86_64-fedora-clang | 1.3.0 | 100.78 | NOTE | |||
r-devel-linux-x86_64-fedora-gcc | 1.3.0 | 99.17 | NOTE | |||
r-devel-windows-ix86+x86_64 | 1.3.0 | 12.00 | 111.00 | 123.00 | OK | |
r-patched-linux-x86_64 | 1.3.0 | 2.50 | 97.63 | 100.13 | OK | |
r-patched-solaris-x86 | 1.3.0 | 143.30 | NOTE | |||
r-release-linux-x86_64 | 1.3.0 | 2.13 | 97.24 | 99.37 | OK | |
r-release-windows-ix86+x86_64 | 1.3.0 | 5.00 | 131.00 | 136.00 | OK | |
r-release-osx-x86_64 | 1.3.0 | WARN | ||||
r-oldrel-windows-ix86+x86_64 | 1.3.0 | 6.00 | 91.00 | 97.00 | OK | |
r-oldrel-osx-x86_64 | 1.3.0 | WARN |
Version: 1.3.0
Check: dependencies in R code
Result: NOTE
Namespace in Imports field not imported from: ‘maptools’
All declared Imports should be used.
Flavors: r-devel-linux-x86_64-fedora-clang, r-devel-linux-x86_64-fedora-gcc, r-patched-solaris-x86, r-release-osx-x86_64, r-oldrel-osx-x86_64
Version: 1.3.0
Check: package dependencies
Result: NOTE
Package suggested but not available for checking: ‘Rmpi’
Flavors: r-release-osx-x86_64, r-oldrel-osx-x86_64
Version: 1.3.0
Check: re-building of vignette outputs
Result: WARN
Error in re-building vignettes:
...
Warning in engine$weave(file, quiet = quiet, encoding = enc) :
Pandoc (>= 1.12.3) and/or pandoc-citeproc not available. Falling back to R Markdown v1.
Loading required package: sp
Warning in grid.Call(C_textBounds, as.graphicsAnnot(x$label), x$x, x$y, :
no font could be found for family "10"
Warning in grid.Call(C_textBounds, as.graphicsAnnot(x$label), x$x, x$y, :
no font could be found for family "10"
Quitting from lines 45-64 (spew-quickstart.Rmd)
Error: processing vignette 'spew-quickstart.Rmd' failed with diagnostics:
polygon edge not found
Execution halted
Flavor: r-release-osx-x86_64
Version: 1.3.0
Check: re-building of vignette outputs
Result: WARN
Error in re-building vignettes:
...
Warning in engine$weave(file, quiet = quiet, encoding = enc) :
Pandoc (>= 1.12.3) and/or pandoc-citeproc not available. Falling back to R Markdown v1.
Loading required package: sp
Warning in grid.Call(L_textBounds, as.graphicsAnnot(x$label), x$x, x$y, :
no font could be found for family "10"
Warning in grid.Call(L_textBounds, as.graphicsAnnot(x$label), x$x, x$y, :
no font could be found for family "10"
Quitting from lines 45-64 (spew-quickstart.Rmd)
Error: processing vignette 'spew-quickstart.Rmd' failed with diagnostics:
polygon edge not found
Execution halted
Flavor: r-oldrel-osx-x86_64