CRAN Package Check Results for Package sptemExp

Last updated on 2018-02-25 00:49:03 CET.

Flavor Version Tinstall Tcheck Ttotal Status Flags
r-devel-linux-x86_64-debian-clang 0.1.1 65.70 85.13 150.83 OK
r-devel-linux-x86_64-debian-gcc 0.1.1 59.32 66.40 125.72 OK
r-devel-linux-x86_64-fedora-clang 0.1.1 202.13 NOTE
r-devel-linux-x86_64-fedora-gcc 0.1.1 192.56 NOTE
r-devel-windows-ix86+x86_64 0.1.1 165.00 202.00 367.00 NOTE
r-patched-linux-x86_64 0.1.1 69.92 86.64 156.56 OK
r-patched-solaris-x86 0.1.1 133.50 ERROR
r-release-linux-x86_64 0.1.1 69.47 90.57 160.04 OK
r-release-windows-ix86+x86_64 0.1.1 178.00 209.00 387.00 NOTE
r-release-osx-x86_64 0.1.1 NOTE
r-oldrel-windows-ix86+x86_64 0.1.1 140.00 161.00 301.00 NOTE
r-oldrel-osx-x86_64 0.1.1 NOTE

Check Details

Version: 0.1.1
Check: installed package size
Result: NOTE
     installed size is 16.2Mb
     sub-directories of 1Mb or more:
     data 3.4Mb
     libs 12.0Mb
Flavors: r-devel-linux-x86_64-fedora-clang, r-devel-linux-x86_64-fedora-gcc, r-devel-windows-ix86+x86_64, r-release-windows-ix86+x86_64, r-release-osx-x86_64, r-oldrel-windows-ix86+x86_64, r-oldrel-osx-x86_64

Version: 0.1.1
Check: dependencies in R code
Result: NOTE
    Namespaces in Imports field not imported from:
     ‘BayesX’ ‘BayesXsrc’ ‘automap’ ‘plyr’ ‘rgdal’ ‘splines’
     All declared Imports should be used.
Flavors: r-devel-linux-x86_64-fedora-clang, r-devel-linux-x86_64-fedora-gcc, r-patched-solaris-x86, r-release-osx-x86_64, r-oldrel-osx-x86_64

Version: 0.1.1
Check: examples
Result: ERROR
    Running examples in ‘sptemExp-Ex.R’ failed
    The error most likely occurred in:
    
    > ### Name: extractVNC4
    > ### Title: Extract Values for Point from NC4 Image
    > ### Aliases: extractVNC4
    > ### Keywords: ~kwd1 ~kwd2
    >
    > ### ** Examples
    >
    >
    > data("samplepnt")
    > nc4File=file.path(system.file(package = "sptemExp"), "extdata", "ancdata.nc4")
    > ncin0=ncdf4::nc_open(nc4File)
    Error in R_nc4_open: NetCDF: HDF error
    Error in ncdf4::nc_open(nc4File) :
     Error in nc_open trying to open file /home/ripley/R/Lib32/sptemExp/extdata/ancdata.nc4
    Execution halted
Flavor: r-patched-solaris-x86