Last updated on 2018-02-25 00:49:03 CET.
Flavor | Version | Tinstall | Tcheck | Ttotal | Status | Flags |
---|---|---|---|---|---|---|
r-devel-linux-x86_64-debian-clang | 0.2.2 | 34.84 | 180.70 | 215.54 | OK | |
r-devel-linux-x86_64-debian-gcc | 0.2.2 | 30.27 | 143.79 | 174.06 | OK | |
r-devel-linux-x86_64-fedora-clang | 0.2.2 | 266.11 | OK | |||
r-devel-linux-x86_64-fedora-gcc | 0.2.2 | 260.48 | OK | |||
r-devel-windows-ix86+x86_64 | 0.2.2 | 93.00 | 386.00 | 479.00 | OK | |
r-patched-linux-x86_64 | 0.2.2 | 31.63 | 222.19 | 253.82 | OK | |
r-patched-solaris-x86 | 0.2.2 | 332.90 | WARN | |||
r-release-linux-x86_64 | 0.2.2 | 29.93 | 223.67 | 253.60 | OK | |
r-release-windows-ix86+x86_64 | 0.2.2 | 99.00 | 418.00 | 517.00 | OK | |
r-release-osx-x86_64 | 0.2.2 | WARN | ||||
r-oldrel-windows-ix86+x86_64 | 0.2.2 | 73.00 | 299.00 | 372.00 | NOTE | |
r-oldrel-osx-x86_64 | 0.2.2 | WARN |
Version: 0.2.2
Check: re-building of vignette outputs
Result: WARN
Error in re-building vignettes:
...
Warning in engine$weave(file, quiet = quiet, encoding = enc) :
Pandoc (>= 1.12.3) and/or pandoc-citeproc not available. Falling back to R Markdown v1.
Quitting from lines 111-114 (introducing-stplanr.Rmd)
Error: processing vignette 'introducing-stplanr.Rmd' failed with diagnostics:
cannot open the connection
Execution halted
Flavors: r-patched-solaris-x86, r-release-osx-x86_64, r-oldrel-osx-x86_64
Version: 0.2.2
Check: DESCRIPTION meta-information
Result: NOTE
Authors@R field gives persons with no valid roles:
Scott Chamberlin [rev] (Scott reviewed the package for rOpenSci, see https://github.com/ropensci/onboarding/issues/10)
Flavors: r-oldrel-windows-ix86+x86_64, r-oldrel-osx-x86_64