CRAN Package Check Results for Package tabplotd3

Last updated on 2018-02-25 00:49:04 CET.

Flavor Version Tinstall Tcheck Ttotal Status Flags
r-devel-linux-x86_64-debian-clang 0.3.3 1.59 25.40 26.99 NOTE
r-devel-linux-x86_64-debian-gcc 0.3.3 1.29 20.35 21.64 NOTE
r-devel-linux-x86_64-fedora-clang 0.3.3 32.20 NOTE
r-devel-linux-x86_64-fedora-gcc 0.3.3 30.96 NOTE
r-devel-windows-ix86+x86_64 0.3.3 8.00 49.00 57.00 NOTE
r-patched-linux-x86_64 0.3.3 1.83 24.58 26.41 NOTE
r-patched-solaris-x86 0.3.3 46.60 NOTE
r-release-linux-x86_64 0.3.3 1.83 24.54 26.37 NOTE
r-release-windows-ix86+x86_64 0.3.3 6.00 53.00 59.00 NOTE
r-release-osx-x86_64 0.3.3 NOTE
r-oldrel-windows-ix86+x86_64 0.3.3 4.00 53.00 57.00 NOTE
r-oldrel-osx-x86_64 0.3.3 NOTE

Check Details

Version: 0.3.3
Check: R code for possible problems
Result: NOTE
    itabplot : <anonymous>: no visible global function definition for
     ‘capture.output’
    itabplot: no visible global function definition for ‘browseURL’
    Undefined global functions or variables:
     browseURL capture.output
    Consider adding
     importFrom("utils", "browseURL", "capture.output")
    to your NAMESPACE file.
Flavors: r-devel-linux-x86_64-debian-clang, r-devel-linux-x86_64-debian-gcc, r-devel-linux-x86_64-fedora-clang, r-devel-linux-x86_64-fedora-gcc, r-devel-windows-ix86+x86_64, r-patched-linux-x86_64, r-patched-solaris-x86, r-release-linux-x86_64, r-release-windows-ix86+x86_64, r-release-osx-x86_64, r-oldrel-windows-ix86+x86_64, r-oldrel-osx-x86_64