CRAN Package Check Results for Package textstem

Last updated on 2018-02-25 00:49:04 CET.

Flavor Version Tinstall Tcheck Ttotal Status Flags
r-devel-linux-x86_64-debian-clang 0.1.2 1.06 26.48 27.54 NOTE
r-devel-linux-x86_64-debian-gcc 0.1.2 0.87 20.88 21.75 NOTE
r-devel-linux-x86_64-fedora-clang 0.1.2 33.01 NOTE
r-devel-linux-x86_64-fedora-gcc 0.1.2 31.73 NOTE
r-devel-windows-ix86+x86_64 0.1.2 3.00 58.00 61.00 OK
r-patched-linux-x86_64 0.1.2 0.96 26.19 27.15 OK
r-patched-solaris-x86 0.1.2 45.50 OK
r-release-linux-x86_64 0.1.2 0.78 25.99 26.77 OK
r-release-windows-ix86+x86_64 0.1.2 5.00 48.00 53.00 OK
r-release-osx-x86_64 0.1.2 OK
r-oldrel-windows-ix86+x86_64 0.1.2 3.00 5.00 8.00 ERROR
r-oldrel-osx-x86_64 0.1.2 ERROR

Check Details

Version: 0.1.2
Check: DESCRIPTION meta-information
Result: NOTE
    Dependence on R version ‘3.3.2’ not with patchlevel 0
Flavors: r-devel-linux-x86_64-debian-clang, r-devel-linux-x86_64-debian-gcc, r-devel-linux-x86_64-fedora-clang, r-devel-linux-x86_64-fedora-gcc

Version: 0.1.2
Check: package dependencies
Result: ERROR
    Package required and available but unsuitable version: 'quanteda'
    
    See section 'The DESCRIPTION file' in the 'Writing R Extensions'
    manual.
Flavors: r-oldrel-windows-ix86+x86_64, r-oldrel-osx-x86_64