Last updated on 2018-02-25 00:49:05 CET.
Flavor | Version | Tinstall | Tcheck | Ttotal | Status | Flags |
---|---|---|---|---|---|---|
r-devel-linux-x86_64-debian-clang | 0.2.11 | 5.39 | 109.07 | 114.46 | OK | |
r-devel-linux-x86_64-debian-gcc | 0.2.11 | 4.97 | 78.59 | 83.56 | OK | |
r-devel-linux-x86_64-fedora-clang | 0.2.11 | 129.45 | OK | |||
r-devel-linux-x86_64-fedora-gcc | 0.2.11 | 125.72 | OK | |||
r-devel-windows-ix86+x86_64 | 0.2.11 | 14.00 | 158.00 | 172.00 | OK | |
r-patched-linux-x86_64 | 0.2.11 | 3.99 | 116.16 | 120.15 | OK | |
r-patched-solaris-x86 | 0.2.11 | 135.50 | WARN | |||
r-release-linux-x86_64 | 0.2.11 | 4.37 | 118.46 | 122.83 | OK | |
r-release-windows-ix86+x86_64 | 0.2.11 | 14.00 | 176.00 | 190.00 | OK | |
r-release-osx-x86_64 | 0.2.11 | WARN | ||||
r-oldrel-windows-ix86+x86_64 | 0.2.11 | 10.00 | 132.00 | 142.00 | OK | |
r-oldrel-osx-x86_64 | 0.2.11 | WARN |
Version: 0.2.11
Check: re-building of vignette outputs
Result: WARN
Error in re-building vignettes:
...
Warning in engine$weave(file, quiet = quiet, encoding = enc) :
Pandoc (>= 1.12.3) and/or pandoc-citeproc not available. Falling back to R Markdown v1.
Loading required package: ggplot2
Attaching package: 'dplyr'
The following objects are masked from 'package:stats':
filter, lag
The following objects are masked from 'package:base':
intersect, setdiff, setequal, union
sh: nproc: not found
Quitting from lines 111-113 (Tigger-Vignette.Rmd)
Error: processing vignette 'Tigger-Vignette.Rmd' failed with diagnostics:
error in running command: 'Illegal seek'
Execution halted
Flavor: r-patched-solaris-x86
Version: 0.2.11
Check: re-building of vignette outputs
Result: WARN
Error in re-building vignettes:
...
Warning in engine$weave(file, quiet = quiet, encoding = enc) :
Pandoc (>= 1.12.3) and/or pandoc-citeproc not available. Falling back to R Markdown v1.
Loading required package: ggplot2
Attaching package: 'dplyr'
The following objects are masked from 'package:stats':
filter, lag
The following objects are masked from 'package:base':
intersect, setdiff, setequal, union
sh: sysctl: command not found
Quitting from lines 111-113 (Tigger-Vignette.Rmd)
Error: processing vignette 'Tigger-Vignette.Rmd' failed with diagnostics:
error in running command
Execution halted
Flavors: r-release-osx-x86_64, r-oldrel-osx-x86_64