CRAN Package Check Results for Package timeROC

Last updated on 2018-02-25 00:49:05 CET.

Flavor Version Tinstall Tcheck Ttotal Status Flags
r-devel-linux-x86_64-debian-clang 0.3 6.90 67.83 74.73 NOTE
r-devel-linux-x86_64-debian-gcc 0.3 5.27 53.63 58.90 NOTE
r-devel-linux-x86_64-fedora-clang 0.3 87.97 NOTE
r-devel-linux-x86_64-fedora-gcc 0.3 86.09 NOTE
r-devel-windows-ix86+x86_64 0.3 15.00 107.00 122.00 NOTE
r-patched-linux-x86_64 0.3 3.80 74.76 78.56 NOTE
r-patched-solaris-x86 0.3 138.40 NOTE
r-release-linux-x86_64 0.3 4.27 74.30 78.57 NOTE
r-release-windows-ix86+x86_64 0.3 14.00 109.00 123.00 NOTE
r-release-osx-x86_64 0.3 NOTE
r-oldrel-windows-ix86+x86_64 0.3 10.00 101.00 111.00 NOTE
r-oldrel-osx-x86_64 0.3 NOTE

Check Details

Version: 0.3
Check: R code for possible problems
Result: NOTE
    SeSpPPVNPV: no visible global function definition for ‘as.formula’
    SeSpPPVNPV: no visible binding for global variable ‘sd’
    compare: no visible binding for global variable ‘sd’
    compare: no visible global function definition for ‘pnorm’
    compare: no visible global function definition for ‘var’
    compute_iid_decomposition_competing_risks: no visible global function
     definition for ‘sd’
    compute_iid_decomposition_survival: no visible global function
     definition for ‘sd’
    confint.ipcwcompetingrisksROC: no visible global function definition
     for ‘qnorm’
    confint.ipcwcompetingrisksROC: no visible global function definition
     for ‘rnorm’
    confint.ipcwcompetingrisksROC: no visible global function definition
     for ‘quantile’
    confint.ipcwsurvivalROC: no visible global function definition for
     ‘qnorm’
    confint.ipcwsurvivalROC: no visible global function definition for
     ‘rnorm’
    confint.ipcwsurvivalROC: no visible global function definition for
     ‘quantile’
    plot.ipcwcompetingrisksROC: no visible global function definition for
     ‘plot’
    plot.ipcwcompetingrisksROC: no visible global function definition for
     ‘lines’
    plot.ipcwcompetingrisksROC: no visible global function definition for
     ‘abline’
    plot.ipcwsurvivalROC: no visible global function definition for ‘plot’
    plot.ipcwsurvivalROC: no visible global function definition for ‘lines’
    plot.ipcwsurvivalROC: no visible global function definition for
     ‘abline’
    plotAUCcurve: no visible global function definition for ‘plot’
    plotAUCcurve: no visible global function definition for ‘abline’
    plotAUCcurve: no visible global function definition for ‘lines’
    plotAUCcurve: no visible global function definition for ‘confint’
    plotAUCcurve: no visible global function definition for ‘matlines’
    plotAUCcurveDiff: no visible global function definition for ‘plot’
    plotAUCcurveDiff: no visible global function definition for ‘abline’
    plotAUCcurveDiff: no visible global function definition for ‘lines’
    plotAUCcurveDiff: no visible binding for global variable ‘sd’
    plotAUCcurveDiff: no visible global function definition for ‘qnorm’
    plotAUCcurveDiff: no visible global function definition for ‘rnorm’
    plotAUCcurveDiff: no visible global function definition for ‘quantile’
    print.ipcwcompetingrisksROC: no visible global function definition for
     ‘quantile’
    print.ipcwcompetingrisksSeSpPPVNPV: no visible global function
     definition for ‘quantile’
    print.ipcwsurvivalROC: no visible global function definition for
     ‘quantile’
    print.ipcwsurvivalSeSpPPVNPV: no visible global function definition for
     ‘quantile’
    timeROC: no visible global function definition for ‘as.formula’
    Undefined global functions or variables:
     abline as.formula confint lines matlines plot pnorm qnorm quantile
     rnorm sd var
    Consider adding
     importFrom("graphics", "abline", "lines", "matlines", "plot")
     importFrom("stats", "as.formula", "confint", "pnorm", "qnorm",
     "quantile", "rnorm", "sd", "var")
    to your NAMESPACE file.
Flavors: r-devel-linux-x86_64-debian-clang, r-devel-linux-x86_64-debian-gcc, r-devel-linux-x86_64-fedora-clang, r-devel-linux-x86_64-fedora-gcc, r-devel-windows-ix86+x86_64, r-patched-linux-x86_64, r-patched-solaris-x86, r-release-linux-x86_64, r-release-windows-ix86+x86_64, r-release-osx-x86_64, r-oldrel-windows-ix86+x86_64, r-oldrel-osx-x86_64