CRAN Package Check Results for Package tm.plugin.webmining

Last updated on 2018-02-25 00:49:05 CET.

Flavor Version Tinstall Tcheck Ttotal Status Flags
r-devel-linux-x86_64-debian-clang 1.3 3.52 52.66 56.18 NOTE
r-devel-linux-x86_64-debian-gcc 1.3 3.25 42.28 45.53 NOTE
r-devel-linux-x86_64-fedora-clang 1.3 68.20 NOTE
r-devel-linux-x86_64-fedora-gcc 1.3 67.36 NOTE
r-devel-windows-ix86+x86_64 1.3 12.00 69.00 81.00 NOTE
r-patched-linux-x86_64 1.3 3.65 55.68 59.33 NOTE
r-patched-solaris-x86 1.3 95.80 NOTE
r-release-linux-x86_64 1.3 3.95 54.82 58.77 NOTE
r-release-windows-ix86+x86_64 1.3 10.00 94.00 104.00 NOTE
r-release-osx-x86_64 1.3 NOTE
r-oldrel-windows-ix86+x86_64 1.3 7.00 68.00 75.00 NOTE
r-oldrel-osx-x86_64 1.3 NOTE

Check Details

Version: 1.3
Check: R code for possible problems
Result: NOTE
    extractContentDOM: no visible global function definition for
     ‘capture.output’
    extractHTMLStrip: no visible global function definition for
     ‘capture.output’
    Undefined global functions or variables:
     capture.output
    Consider adding
     importFrom("utils", "capture.output")
    to your NAMESPACE file.
Flavors: r-devel-linux-x86_64-debian-clang, r-devel-linux-x86_64-debian-gcc, r-devel-linux-x86_64-fedora-clang, r-devel-linux-x86_64-fedora-gcc, r-devel-windows-ix86+x86_64, r-patched-linux-x86_64, r-patched-solaris-x86, r-release-linux-x86_64, r-release-windows-ix86+x86_64, r-release-osx-x86_64, r-oldrel-windows-ix86+x86_64, r-oldrel-osx-x86_64