CRAN Package Check Results for Package tmap

Last updated on 2018-02-25 00:49:05 CET.

Flavor Version Tinstall Tcheck Ttotal Status Flags
r-devel-linux-x86_64-debian-clang 1.11-1 23.75 255.02 278.77 OK
r-devel-linux-x86_64-debian-gcc 1.11-1 21.59 199.27 220.86 OK
r-devel-linux-x86_64-fedora-clang 1.11-1 335.04 NOTE
r-devel-linux-x86_64-fedora-gcc 1.11-1 326.22 NOTE
r-devel-windows-ix86+x86_64 1.11-1 47.00 337.00 384.00 NOTE
r-patched-linux-x86_64 1.11-1 12.74 302.00 314.74 OK
r-patched-solaris-x86 1.11-1 495.40 NOTE
r-release-linux-x86_64 1.11-1 12.01 303.25 315.26 OK
r-release-windows-ix86+x86_64 1.11-1 35.00 382.00 417.00 NOTE
r-release-osx-x86_64 1.11-1 NOTE
r-oldrel-windows-ix86+x86_64 1.11-1 26.00 259.00 285.00 NOTE
r-oldrel-osx-x86_64 1.11 NOTE

Check Details

Version: 1.11-1
Check: installed package size
Result: NOTE
     installed size is 5.8Mb
     sub-directories of 1Mb or more:
     data 1.5Mb
     doc 3.3Mb
Flavors: r-devel-linux-x86_64-fedora-clang, r-devel-linux-x86_64-fedora-gcc, r-devel-windows-ix86+x86_64, r-patched-solaris-x86, r-release-windows-ix86+x86_64, r-release-osx-x86_64, r-oldrel-windows-ix86+x86_64

Version: 1.11
Check: installed package size
Result: NOTE
     installed size is 5.3Mb
     sub-directories of 1Mb or more:
     data 1.5Mb
     doc 3.3Mb
Flavor: r-oldrel-osx-x86_64