Last updated on 2018-02-25 00:49:05 CET.
Flavor | Version | Tinstall | Tcheck | Ttotal | Status | Flags |
---|---|---|---|---|---|---|
r-devel-linux-x86_64-debian-clang | 1.4-10 | 6.32 | 83.56 | 89.88 | NOTE | |
r-devel-linux-x86_64-debian-gcc | 1.4-10 | 6.21 | 63.56 | 69.77 | NOTE | |
r-devel-linux-x86_64-fedora-clang | 1.4-10 | 106.30 | NOTE | |||
r-devel-linux-x86_64-fedora-gcc | 1.4-10 | 104.89 | NOTE | |||
r-devel-windows-ix86+x86_64 | 1.4-10 | 25.00 | 167.00 | 192.00 | OK | |
r-patched-linux-x86_64 | 1.4-10 | 6.03 | 87.15 | 93.18 | NOTE | |
r-patched-solaris-x86 | 1.4-10 | 152.60 | OK | |||
r-release-linux-x86_64 | 1.4-10 | 5.09 | 86.24 | 91.33 | NOTE | |
r-release-windows-ix86+x86_64 | 1.4-10 | 22.00 | 186.00 | 208.00 | OK | |
r-release-osx-x86_64 | 1.4-10 | OK | ||||
r-oldrel-windows-ix86+x86_64 | 1.4-10 | 14.00 | 163.00 | 177.00 | OK | |
r-oldrel-osx-x86_64 | 1.4-10 | OK |
Version: 1.4-10
Check: compiled code
Result: NOTE
File ‘tmvtnorm/libs/tmvtnorm.so’:
Found no calls to: ‘R_registerRoutines’, ‘R_useDynamicSymbols’
It is good practice to register native routines and to disable symbol
search.
See ‘Writing portable packages’ in the ‘Writing R Extensions’ manual.
Flavors: r-devel-linux-x86_64-debian-clang, r-devel-linux-x86_64-debian-gcc, r-devel-linux-x86_64-fedora-clang, r-devel-linux-x86_64-fedora-gcc, r-patched-linux-x86_64, r-release-linux-x86_64