CRAN Package Check Results for Package toaster

Last updated on 2018-02-25 00:49:05 CET.

Flavor Version Tinstall Tcheck Ttotal Status Flags
r-devel-linux-x86_64-debian-clang 0.5.5 6.57 61.24 67.81 OK
r-devel-linux-x86_64-debian-gcc 0.5.5 4.86 48.44 53.30 OK
r-devel-linux-x86_64-fedora-clang 0.5.5 83.45 OK
r-devel-linux-x86_64-fedora-gcc 0.5.5 79.99 OK
r-devel-windows-ix86+x86_64 0.5.5 17.00 100.00 117.00 OK
r-patched-linux-x86_64 0.5.5 4.02 70.14 74.16 OK
r-patched-solaris-x86 0.5.5 111.60 OK
r-release-linux-x86_64 0.5.5 3.73 69.93 73.66 OK
r-release-windows-ix86+x86_64 0.5.5 16.00 110.00 126.00 OK
r-release-osx-x86_64 0.5.5 OK
r-oldrel-windows-ix86+x86_64 0.5.5 10.00 68.00 78.00 OK
r-oldrel-osx-x86_64 0.5.5 ERROR

Check Details

Version: 0.5.5
Check: package dependencies
Result: ERROR
    Package required but not available: ‘RODBC’
    
    See section ‘The DESCRIPTION file’ in the ‘Writing R Extensions’
    manual.
Flavor: r-oldrel-osx-x86_64