CRAN Package Check Results for Package trackr

Last updated on 2018-02-25 00:49:05 CET.

Flavor Version Tinstall Tcheck Ttotal Status Flags
r-devel-linux-x86_64-debian-clang 0.7.4 12.12 213.20 225.32 ERROR
r-devel-linux-x86_64-debian-gcc 0.7.4 13.68 165.91 179.59 ERROR
r-devel-windows-ix86+x86_64 0.7.4 34.00 299.00 333.00 OK
r-patched-linux-x86_64 0.7.4 8.09 229.75 237.84 ERROR
r-patched-solaris-x86 0.7.4 286.60 ERROR
r-release-linux-x86_64 0.7.4 7.39 224.39 231.78 ERROR
r-release-windows-ix86+x86_64 0.7.4 31.00 327.00 358.00 OK
r-release-osx-x86_64 0.7.4 ERROR
r-oldrel-windows-ix86+x86_64 0.7.4 1.00 4.00 5.00 ERROR

Check Details

Version: 0.7.4
Check: tests
Result: ERROR
     Running ‘trackr-tests.R’ [7s/9s]
    Running the tests in ‘tests/trackr-tests.R’ failed.
    Complete output:
     > library(trackr)
     Loading required package: histry
     > library(knitr)
     > be = JSONBackend(tempfile())
     > tdb = TrackrDB(backend=be, img_dir = tempdir())
     > defaultTDB(tdb)
     An object of class "TrackrDB"
     Slot "opts":
     An object of class "TrackrOptions"
     Slot "insert_delay":
     [1] 0
    
     Slot "img_dir":
     [1] "/tmp/Rtmp79V2lc"
    
     Slot "img_ext":
     [1] "png"
    
     Slot "backend_opts":
     list()
    
    
     Slot "backend":
     Reference class object of class "JSONBackend"
     Field "docs":
     DocList (0x0)
     Field ".file":
     [1] "/tmp/Rtmp79V2lc/file36ae6deb1763"
     Field "file":
     [1] "/tmp/Rtmp79V2lc/file36ae6deb1763"
    
     >
     > rmdfil = system.file("test_docs/knitr_test.Rmd", package = "trackr")
     > knit_and_record(rmdfil)
    
    
     processing file: knitr_test.Rmd
     ordinary text without R code
    
     label: plot
     Error in file(file, ifelse(append, "a", "w")) :
     cannot open the connection
     Calls: knit_and_record ... replayPlot -> .handleSimpleError -> h -> cat -> file
     In addition: Warning messages:
     1: In dir.create(dirname(name), recursive = TRUE) :
     cannot create dir 'knitr_test_files/figure-html', reason 'No such file or directory'
     2: In file(file, ifelse(append, "a", "w")) :
     cannot open file 'knitr_test.knit.md': Read-only file system
     Execution halted
Flavor: r-devel-linux-x86_64-debian-clang

Version: 0.7.4
Check: tests
Result: ERROR
     Running ‘trackr-tests.R’ [5s/8s]
    Running the tests in ‘tests/trackr-tests.R’ failed.
    Complete output:
     > library(trackr)
     Loading required package: histry
     > library(knitr)
     > be = JSONBackend(tempfile())
     > tdb = TrackrDB(backend=be, img_dir = tempdir())
     > defaultTDB(tdb)
     An object of class "TrackrDB"
     Slot "opts":
     An object of class "TrackrOptions"
     Slot "insert_delay":
     [1] 0
    
     Slot "img_dir":
     [1] "/tmp/RtmpDMJ8Zd"
    
     Slot "img_ext":
     [1] "png"
    
     Slot "backend_opts":
     list()
    
    
     Slot "backend":
     Reference class object of class "JSONBackend"
     Field "docs":
     DocList (0x0)
     Field ".file":
     [1] "/tmp/RtmpDMJ8Zd/file4a4e220ecbba"
     Field "file":
     [1] "/tmp/RtmpDMJ8Zd/file4a4e220ecbba"
    
     >
     > rmdfil = system.file("test_docs/knitr_test.Rmd", package = "trackr")
     > knit_and_record(rmdfil)
    
    
     processing file: knitr_test.Rmd
     ordinary text without R code
    
     label: plot
     Error in file(file, ifelse(append, "a", "w")) :
     cannot open the connection
     Calls: knit_and_record ... replayPlot -> .handleSimpleError -> h -> cat -> file
     In addition: Warning messages:
     1: In dir.create(dirname(name), recursive = TRUE) :
     cannot create dir 'knitr_test_files/figure-html', reason 'No such file or directory'
     2: In file(file, ifelse(append, "a", "w")) :
     cannot open file 'knitr_test.knit.md': Read-only file system
     Execution halted
Flavor: r-devel-linux-x86_64-debian-gcc

Version: 0.7.4
Check: tests
Result: ERROR
     Running ‘trackr-tests.R’ [9s/12s]
    Running the tests in ‘tests/trackr-tests.R’ failed.
    Complete output:
     > library(trackr)
     Loading required package: histry
     > library(knitr)
     > be = JSONBackend(tempfile())
     > tdb = TrackrDB(backend=be, img_dir = tempdir())
     > defaultTDB(tdb)
     An object of class "TrackrDB"
     Slot "opts":
     An object of class "TrackrOptions"
     Slot "insert_delay":
     [1] 0
    
     Slot "img_dir":
     [1] "/tmp/RtmpgpCJ95"
    
     Slot "img_ext":
     [1] "png"
    
     Slot "backend_opts":
     list()
    
    
     Slot "backend":
     Reference class object of class "JSONBackend"
     Field "docs":
     DocList (0x0)
     Field ".file":
     [1] "/tmp/RtmpgpCJ95/file74b73109371"
     Field "file":
     [1] "/tmp/RtmpgpCJ95/file74b73109371"
    
     >
     > rmdfil = system.file("test_docs/knitr_test.Rmd", package = "trackr")
     > knit_and_record(rmdfil)
    
    
     processing file: knitr_test.Rmd
     ordinary text without R code
    
     label: plot
     Error in file(file, ifelse(append, "a", "w")) :
     cannot open the connection
     Calls: knit_and_record ... replayPlot -> .handleSimpleError -> h -> cat -> file
     In addition: Warning messages:
     1: In dir.create(dirname(name), recursive = TRUE) :
     cannot create dir 'knitr_test_files/figure-html', reason 'No such file or directory'
     2: In file(file, ifelse(append, "a", "w")) :
     cannot open file 'knitr_test.knit.md': Read-only file system
     Execution halted
Flavor: r-patched-linux-x86_64

Version: 0.7.4
Check: package dependencies
Result: NOTE
    Package suggested but not available for checking: ‘RSelenium’
Flavor: r-patched-solaris-x86

Version: 0.7.4
Check: tests
Result: ERROR
     Running ‘trackr-tests.R’
    Running the tests in ‘tests/trackr-tests.R’ failed.
    Complete output:
     > library(trackr)
     Loading required package: histry
     > library(knitr)
     > be = JSONBackend(tempfile())
     > tdb = TrackrDB(backend=be, img_dir = tempdir())
     > defaultTDB(tdb)
     An object of class "TrackrDB"
     Slot "opts":
     An object of class "TrackrOptions"
     Slot "insert_delay":
     [1] 0
    
     Slot "img_dir":
     [1] "/tmp/Rtmpc2aaeu"
    
     Slot "img_ext":
     [1] "png"
    
     Slot "backend_opts":
     list()
    
    
     Slot "backend":
     Reference class object of class "JSONBackend"
     Field "docs":
     DocList (0x0)
     Field ".file":
     [1] "/tmp/Rtmpc2aaeu/file282077aa7ee8"
     Field "file":
     [1] "/tmp/Rtmpc2aaeu/file282077aa7ee8"
    
     >
     > rmdfil = system.file("test_docs/knitr_test.Rmd", package = "trackr")
     > knit_and_record(rmdfil)
     Error: pandoc version 1.12.3 or higher is required and was not found (see the help page ?rmarkdown::pandoc_available).
     Execution halted
Flavor: r-patched-solaris-x86

Version: 0.7.4
Check: tests
Result: ERROR
     Running ‘trackr-tests.R’ [9s/12s]
    Running the tests in ‘tests/trackr-tests.R’ failed.
    Complete output:
     > library(trackr)
     Loading required package: histry
     > library(knitr)
     > be = JSONBackend(tempfile())
     > tdb = TrackrDB(backend=be, img_dir = tempdir())
     > defaultTDB(tdb)
     An object of class "TrackrDB"
     Slot "opts":
     An object of class "TrackrOptions"
     Slot "insert_delay":
     [1] 0
    
     Slot "img_dir":
     [1] "/tmp/RtmpfYTNUE"
    
     Slot "img_ext":
     [1] "png"
    
     Slot "backend_opts":
     list()
    
    
     Slot "backend":
     Reference class object of class "JSONBackend"
     Field "docs":
     DocList (0x0)
     Field ".file":
     [1] "/tmp/RtmpfYTNUE/file4b3f3d8c681e"
     Field "file":
     [1] "/tmp/RtmpfYTNUE/file4b3f3d8c681e"
    
     >
     > rmdfil = system.file("test_docs/knitr_test.Rmd", package = "trackr")
     > knit_and_record(rmdfil)
    
    
     processing file: knitr_test.Rmd
     ordinary text without R code
    
     label: plot
     Error in file(file, ifelse(append, "a", "w")) :
     cannot open the connection
     Calls: knit_and_record ... replayPlot -> .handleSimpleError -> h -> cat -> file
     In addition: Warning messages:
     1: In dir.create(dirname(name), recursive = TRUE) :
     cannot create dir 'knitr_test_files/figure-html', reason 'No such file or directory'
     2: In file(file, ifelse(append, "a", "w")) :
     cannot open file 'knitr_test.knit.md': Read-only file system
     Execution halted
Flavor: r-release-linux-x86_64

Version: 0.7.4
Check: package dependencies
Result: ERROR
    Package required but not available: ‘gridGraphics’
    
    See section ‘The DESCRIPTION file’ in the ‘Writing R Extensions’
    manual.
Flavor: r-release-osx-x86_64

Version: 0.7.4
Check: package dependencies
Result: ERROR
    Package required but not available: 'rsolr'
    
    See section 'The DESCRIPTION file' in the 'Writing R Extensions'
    manual.
Flavor: r-oldrel-windows-ix86+x86_64