CRAN Package Check Results for Package treespace

Last updated on 2018-02-25 00:49:05 CET.

Flavor Version Tinstall Tcheck Ttotal Status Flags
r-devel-linux-x86_64-debian-clang 1.1.2 22.94 255.62 278.56 OK
r-devel-linux-x86_64-debian-gcc 1.1.2 19.10 201.12 220.22 OK
r-devel-linux-x86_64-fedora-clang 1.1.2 342.03 OK
r-devel-linux-x86_64-fedora-gcc 1.1.2 335.53 OK
r-devel-windows-ix86+x86_64 1.1.1 45.00 242.00 287.00 NOTE
r-patched-linux-x86_64 1.1.2 22.38 287.03 309.41 OK
r-patched-solaris-x86 1.1.2 399.30 WARN
r-release-linux-x86_64 1.1.2 25.14 288.65 313.79 OK
r-release-windows-ix86+x86_64 1.1.1 77.00 465.00 542.00 NOTE
r-release-osx-x86_64 1.1.2 WARN
r-oldrel-windows-ix86+x86_64 1.1.1 49.00 333.00 382.00 NOTE
r-oldrel-osx-x86_64 1.0.1 WARN

Check Details

Version: 1.1.1
Check: installed package size
Result: NOTE
     installed size is 5.5Mb
     sub-directories of 1Mb or more:
     doc 2.7Mb
     libs 1.4Mb
Flavors: r-devel-windows-ix86+x86_64, r-release-windows-ix86+x86_64, r-oldrel-windows-ix86+x86_64

Version: 1.1.2
Check: re-building of vignette outputs
Result: WARN
    Error in re-building vignettes:
     ...
    Warning in engine$weave(file, quiet = quiet, encoding = enc) :
     Pandoc (>= 1.12.3) and/or pandoc-citeproc not available. Falling back to R Markdown v1.
    Loading required package: ape
    Loading required package: ade4
    Creating a generic function for 'toJSON' from package 'jsonlite' in package 'googleVis'
    
     /// adegenet 2.1.1 is loaded ////////////
    
     > overview: '?adegenet'
     > tutorials/doc/questions: 'adegenetWeb()'
     > bug reports/feature requests: adegenetIssues()
    
    
    
    Attaching package: 'adegenet'
    
    The following object is masked from 'package:phangorn':
    
     AICc
    
    The following object is masked from 'package:treespace':
    
     .render.server.info
    
    Quitting from lines 139-141 (DengueVignette.Rmd)
    Error: processing vignette 'DengueVignette.Rmd' failed with diagnostics:
    cannot open the connection
    Execution halted
Flavor: r-patched-solaris-x86

Version: 1.1.2
Check: re-building of vignette outputs
Result: WARN
    Error in re-building vignettes:
     ...
    Loading required package: ade4
    Creating a generic function for 'toJSON' from package 'jsonlite' in package 'googleVis'
    
     /// adegenet 2.1.1 is loaded ////////////
    
     > overview: '?adegenet'
     > tutorials/doc/questions: 'adegenetWeb()'
     > bug reports/feature requests: adegenetIssues()
    
    
    
    Attaching package: 'adegenet'
    
    The following object is masked from 'package:phangorn':
    
     AICc
    
    The following object is masked from 'package:treespace':
    
     .render.server.info
    
    Quitting from lines 139-141 (DengueVignette.Rmd)
    Error: processing vignette 'DengueVignette.Rmd' failed with diagnostics:
    cannot open the connection
    Execution halted
Flavor: r-release-osx-x86_64

Version: 1.0.1
Check: re-building of vignette outputs
Result: WARN
    Error in re-building vignettes:
     ...
    Loading required package: ade4
    Creating a generic function for 'toJSON' from package 'jsonlite' in package 'googleVis'
    
     /// adegenet 2.1.0 is loaded ////////////
    
     > overview: '?adegenet'
     > tutorials/doc/questions: 'adegenetWeb()'
     > bug reports/feature requests: adegenetIssues()
    
    
    
    Attaching package: 'adegenet'
    
    The following object is masked from 'package:phangorn':
    
     AICc
    
    The following object is masked from 'package:treespace':
    
     .render.server.info
    
    Quitting from lines 120-138 (DengueVignette.Rmd)
    Error: processing vignette 'DengueVignette.Rmd' failed with diagnostics:
    cannot open the connection
    Execution halted
Flavor: r-oldrel-osx-x86_64