Last updated on 2018-02-25 00:49:05 CET.
Flavor | Version | Tinstall | Tcheck | Ttotal | Status | Flags |
---|---|---|---|---|---|---|
r-devel-linux-x86_64-debian-clang | 1.5.0 | 11.39 | 127.89 | 139.28 | OK | |
r-devel-linux-x86_64-debian-gcc | 1.5.0 | 10.46 | 102.69 | 113.15 | OK | |
r-devel-linux-x86_64-fedora-clang | 1.5.0 | 171.87 | OK | |||
r-devel-linux-x86_64-fedora-gcc | 1.5.0 | 169.42 | OK | |||
r-devel-windows-ix86+x86_64 | 1.5.0 | 31.00 | 195.00 | 226.00 | OK | |
r-patched-linux-x86_64 | 1.5.0 | 17.49 | 135.82 | 153.31 | OK | |
r-patched-solaris-x86 | 1.5.0 | 263.80 | OK | |||
r-release-linux-x86_64 | 1.5.0 | 16.86 | 135.74 | 152.60 | OK | |
r-release-windows-ix86+x86_64 | 1.5.0 | 37.00 | 210.00 | 247.00 | OK | |
r-release-osx-x86_64 | 1.5.0 | WARN | ||||
r-oldrel-windows-ix86+x86_64 | 1.5.0 | 25.00 | 148.00 | 173.00 | OK | |
r-oldrel-osx-x86_64 | 1.5.0 | OK |
Version: 1.5.0
Check: package dependencies
Result: NOTE
Package suggested but not available for checking: ‘rgdal’
Flavor: r-release-osx-x86_64
Version: 1.5.0
Check: Rd cross-references
Result: NOTE
Package unavailable to check Rd xrefs: ‘rgdal’
Flavor: r-release-osx-x86_64
Version: 1.5.0
Check: re-building of vignette outputs
Result: WARN
Error in re-building vignettes:
...
Warning in engine$weave(file, quiet = quiet, encoding = enc) :
Pandoc (>= 1.12.3) and/or pandoc-citeproc not available. Falling back to R Markdown v1.
Quitting from lines 62-71 (trip.Rmd)
Error: processing vignette 'trip.Rmd' failed with diagnostics:
there is no package called 'rgdal'
Execution halted
Flavor: r-release-osx-x86_64