Last updated on 2018-02-25 00:49:05 CET.
Flavor | Version | Tinstall | Tcheck | Ttotal | Status | Flags |
---|---|---|---|---|---|---|
r-devel-linux-x86_64-debian-clang | 1.2 | 0.99 | 18.14 | 19.13 | NOTE | |
r-devel-linux-x86_64-debian-gcc | 1.2 | 1.13 | 14.60 | 15.73 | NOTE | |
r-devel-linux-x86_64-fedora-clang | 1.2 | 23.26 | NOTE | |||
r-devel-linux-x86_64-fedora-gcc | 1.2 | 22.74 | NOTE | |||
r-devel-windows-ix86+x86_64 | 1.2 | 6.00 | 37.00 | 43.00 | NOTE | |
r-patched-linux-x86_64 | 1.2 | 0.88 | 17.77 | 18.65 | NOTE | |
r-patched-solaris-x86 | 1.2 | 29.80 | NOTE | |||
r-release-linux-x86_64 | 1.2 | 0.73 | 18.09 | 18.82 | NOTE | |
r-release-windows-ix86+x86_64 | 1.2 | 3.00 | 37.00 | 40.00 | NOTE | |
r-release-osx-x86_64 | 1.2 | NOTE | ||||
r-oldrel-windows-ix86+x86_64 | 1.2 | 2.00 | 38.00 | 40.00 | NOTE | |
r-oldrel-osx-x86_64 | 1.2 | NOTE |
Version: 1.2
Check: DESCRIPTION meta-information
Result: NOTE
Malformed Title field: should not end in a period.
Flavors: r-devel-linux-x86_64-debian-clang, r-devel-linux-x86_64-debian-gcc, r-devel-linux-x86_64-fedora-clang, r-devel-linux-x86_64-fedora-gcc, r-devel-windows-ix86+x86_64, r-patched-linux-x86_64, r-patched-solaris-x86, r-release-linux-x86_64, r-release-windows-ix86+x86_64, r-release-osx-x86_64, r-oldrel-windows-ix86+x86_64, r-oldrel-osx-x86_64
Version: 1.2
Check: S3 generic/method consistency
Result: NOTE
Found the following apparent S3 methods exported but not registered:
print.tsbugs
See section ‘Registering S3 methods’ in the ‘Writing R Extensions’
manual.
Flavors: r-devel-linux-x86_64-debian-clang, r-devel-linux-x86_64-debian-gcc, r-devel-linux-x86_64-fedora-clang, r-devel-linux-x86_64-fedora-gcc, r-patched-linux-x86_64, r-patched-solaris-x86, r-release-linux-x86_64
Version: 1.2
Check: Rd line widths
Result: NOTE
Rd file 'ar.bugs.Rd':
\examples lines wider than 100 characters:
ar2 <- ar.bugs(y = diff(LH), ar.order = 2, ar.prior = "dunif(-1,1)", var.prior = "dgamma(0.001,0.001)")
Rd file 'rv.bugs.Rd':
\usage lines wider than 90 characters:
rv.tol0.prior = "dgamma(0.000001,0.000001)", rv.eps.prior = "dbeta(1, 100)",
\examples lines wider than 100 characters:
plot(NULL, type = "n", xlim = tsp(sigma.pn)[1:2], ylim = range(sigma.pn[, 1:95]), main = "sigma_t")
Rd file 'sv.bugs.Rd':
\examples lines wider than 100 characters:
plot(NULL, type = "n", xlim = tsp(sigma.pn)[1:2], ylim = range(sigma.pn[, 1:95]), main = "sigma_t")
These lines will be truncated in the PDF manual.
Flavors: r-devel-linux-x86_64-debian-clang, r-devel-linux-x86_64-debian-gcc, r-devel-linux-x86_64-fedora-clang, r-devel-linux-x86_64-fedora-gcc, r-patched-linux-x86_64, r-release-linux-x86_64