Last updated on 2018-02-25 00:49:06 CET.
Flavor | Version | Tinstall | Tcheck | Ttotal | Status | Flags |
---|---|---|---|---|---|---|
r-devel-linux-x86_64-debian-clang | 1.2 | 7.98 | 95.24 | 103.22 | NOTE | |
r-devel-linux-x86_64-debian-gcc | 1.2 | 7.71 | 76.09 | 83.80 | NOTE | |
r-devel-linux-x86_64-fedora-clang | 1.2 | 127.11 | NOTE | |||
r-devel-linux-x86_64-fedora-gcc | 1.2 | 125.06 | NOTE | |||
r-devel-windows-ix86+x86_64 | 1.2 | 23.00 | 183.00 | 206.00 | OK | |
r-patched-linux-x86_64 | 1.2 | 8.14 | 94.79 | 102.93 | NOTE | |
r-patched-solaris-x86 | 1.2 | 191.40 | OK | |||
r-release-linux-x86_64 | 1.2 | 8.39 | 94.16 | 102.55 | NOTE | |
r-release-windows-ix86+x86_64 | 1.2 | 26.00 | 182.00 | 208.00 | OK | |
r-release-osx-x86_64 | 1.2 | OK | ||||
r-oldrel-windows-ix86+x86_64 | 1.2 | 17.00 | 120.00 | 137.00 | OK | |
r-oldrel-osx-x86_64 | 1.2 | OK |
Version: 1.2
Check: compiled code
Result: NOTE
File ‘tspmeta/libs/tspmeta.so’:
Found no calls to: ‘R_registerRoutines’, ‘R_useDynamicSymbols’
It is good practice to register native routines and to disable symbol
search.
See ‘Writing portable packages’ in the ‘Writing R Extensions’ manual.
Flavors: r-devel-linux-x86_64-debian-clang, r-devel-linux-x86_64-debian-gcc, r-devel-linux-x86_64-fedora-clang, r-devel-linux-x86_64-fedora-gcc, r-patched-linux-x86_64, r-release-linux-x86_64