CRAN Package Check Results for Package userfriendlyscience

Last updated on 2018-02-25 00:49:06 CET.

Flavor Version Tinstall Tcheck Ttotal Status Flags
r-devel-linux-x86_64-debian-clang 0.7.0 28.94 247.03 275.97 OK
r-devel-linux-x86_64-debian-gcc 0.7.0 25.03 186.67 211.70 OK
r-devel-linux-x86_64-fedora-clang 0.7.0 323.91 OK
r-devel-linux-x86_64-fedora-gcc 0.7.0 315.73 OK
r-devel-windows-ix86+x86_64 0.7.0 61.00 314.00 375.00 OK
r-patched-linux-x86_64 0.7.0 12.63 270.50 283.13 OK
r-patched-solaris-x86 0.7.0 3.80 ERROR
r-release-linux-x86_64 0.7.0 12.53 275.51 288.04 OK
r-release-windows-ix86+x86_64 0.7.0 37.00 340.00 377.00 OK
r-release-osx-x86_64 0.7.0 OK
r-oldrel-windows-ix86+x86_64 0.7.0 25.00 260.00 285.00 OK
r-oldrel-osx-x86_64 0.7.0 OK

Check Details

Version: 0.7.0
Check: package dependencies
Result: ERROR
    Package required but not available: ‘MBESS’
    
    See section ‘The DESCRIPTION file’ in the ‘Writing R Extensions’
    manual.
Flavor: r-patched-solaris-x86