CRAN Package Check Results for Package vaersvax

Last updated on 2018-02-25 00:49:06 CET.

Flavor Version Tinstall Tcheck Ttotal Status Flags
r-devel-linux-x86_64-debian-clang 1.0.4 0.73 16.10 16.83 NOTE
r-devel-linux-x86_64-debian-gcc 1.0.4 0.81 12.86 13.67 NOTE
r-devel-linux-x86_64-fedora-clang 1.0.4 20.37 NOTE
r-devel-linux-x86_64-fedora-gcc 1.0.4 19.41 NOTE
r-devel-windows-ix86+x86_64 1.0.4 3.00 38.00 41.00 NOTE
r-patched-linux-x86_64 1.0.4 0.84 14.61 15.45 NOTE
r-patched-solaris-x86 1.0.4 27.50 NOTE
r-release-linux-x86_64 1.0.4 0.85 14.52 15.37 NOTE
r-release-windows-ix86+x86_64 1.0.4 3.00 38.00 41.00 NOTE
r-release-osx-x86_64 1.0.4 NOTE
r-oldrel-windows-ix86+x86_64 1.0.4 2.00 29.00 31.00 NOTE
r-oldrel-osx-x86_64 1.0.4 NOTE

Check Details

Version: 1.0.4
Check: package dependencies
Result: NOTE
    Packages suggested but not available for checking: ‘vaers’ ‘vaersND’
Flavors: r-devel-linux-x86_64-debian-clang, r-devel-linux-x86_64-debian-gcc, r-devel-linux-x86_64-fedora-clang, r-devel-linux-x86_64-fedora-gcc, r-devel-windows-ix86+x86_64, r-patched-linux-x86_64, r-patched-solaris-x86, r-release-linux-x86_64, r-release-windows-ix86+x86_64, r-oldrel-windows-ix86+x86_64, r-oldrel-osx-x86_64

Version: 1.0.4
Check: package dependencies
Result: NOTE
    Packages suggested but not available for checking:
     ‘vaers’ ‘vaersND’ ‘devtools’
Flavor: r-release-osx-x86_64