CRAN Package Check Results for Package warpMix

Last updated on 2018-02-25 00:49:06 CET.

Flavor Version Tinstall Tcheck Ttotal Status Flags
r-devel-linux-x86_64-debian-clang 0.1.0 5.60 72.81 78.41 NOTE
r-devel-linux-x86_64-debian-gcc 0.1.0 4.94 57.20 62.14 NOTE
r-devel-linux-x86_64-fedora-clang 0.1.0 96.15 NOTE
r-devel-linux-x86_64-fedora-gcc 0.1.0 92.88 NOTE
r-devel-windows-ix86+x86_64 0.1.0 11.00 108.00 119.00 OK
r-patched-linux-x86_64 0.1.0 5.50 74.95 80.45 OK
r-patched-solaris-x86 0.1.0 147.20 NOTE
r-release-linux-x86_64 0.1.0 5.51 73.63 79.14 OK
r-release-windows-ix86+x86_64 0.1.0 15.00 112.00 127.00 OK
r-release-osx-x86_64 0.1.0 NOTE
r-oldrel-windows-ix86+x86_64 0.1.0 10.00 76.00 86.00 OK
r-oldrel-osx-x86_64 0.1.0 NOTE

Check Details

Version: 0.1.0
Check: DESCRIPTION meta-information
Result: NOTE
    Dependence on R version ‘3.3.2’ not with patchlevel 0
Flavors: r-devel-linux-x86_64-debian-clang, r-devel-linux-x86_64-debian-gcc, r-devel-linux-x86_64-fedora-clang, r-devel-linux-x86_64-fedora-gcc

Version: 0.1.0
Check: dependencies in R code
Result: NOTE
    Namespace in Imports field not imported from: ‘nlme’
     All declared Imports should be used.
Flavors: r-devel-linux-x86_64-fedora-clang, r-devel-linux-x86_64-fedora-gcc, r-patched-solaris-x86, r-release-osx-x86_64, r-oldrel-osx-x86_64