Last updated on 2018-02-25 00:49:07 CET.
Flavor | Version | Tinstall | Tcheck | Ttotal | Status | Flags |
---|---|---|---|---|---|---|
r-devel-linux-x86_64-debian-clang | 0.3-2 | 1.31 | 16.47 | 17.78 | NOTE | |
r-devel-linux-x86_64-debian-gcc | 0.3-2 | 0.74 | 13.10 | 13.84 | NOTE | |
r-devel-linux-x86_64-fedora-clang | 0.3-2 | 20.87 | NOTE | |||
r-devel-linux-x86_64-fedora-gcc | 0.3-2 | 19.80 | NOTE | |||
r-devel-windows-ix86+x86_64 | 0.3-2 | 4.00 | 29.00 | 33.00 | NOTE | |
r-patched-linux-x86_64 | 0.3-2 | 0.68 | 15.89 | 16.57 | NOTE | |
r-patched-solaris-x86 | 0.3-2 | 26.90 | NOTE | |||
r-release-linux-x86_64 | 0.3-2 | 0.78 | 15.82 | 16.60 | NOTE | |
r-release-windows-ix86+x86_64 | 0.3-2 | 2.00 | 34.00 | 36.00 | NOTE | |
r-release-osx-x86_64 | 0.3-2 | NOTE | ||||
r-oldrel-windows-ix86+x86_64 | 0.3-2 | 3.00 | 32.00 | 35.00 | NOTE | |
r-oldrel-osx-x86_64 | 0.3-2 | NOTE |
Version: 0.3-2
Check: DESCRIPTION meta-information
Result: NOTE
Malformed Description field: should contain one or more complete sentences.
Flavors: r-devel-linux-x86_64-debian-clang, r-devel-linux-x86_64-debian-gcc, r-devel-linux-x86_64-fedora-clang, r-devel-linux-x86_64-fedora-gcc, r-devel-windows-ix86+x86_64, r-patched-linux-x86_64, r-patched-solaris-x86, r-release-linux-x86_64, r-release-windows-ix86+x86_64, r-release-osx-x86_64, r-oldrel-windows-ix86+x86_64, r-oldrel-osx-x86_64
Version: 0.3-2
Check: dependencies in R code
Result: NOTE
'library' or 'require' call to ‘markdown’ in package code.
Please use :: or requireNamespace() instead.
See section 'Suggested packages' in the 'Writing R Extensions' manual.
Flavors: r-devel-linux-x86_64-debian-clang, r-devel-linux-x86_64-debian-gcc, r-devel-linux-x86_64-fedora-clang, r-devel-linux-x86_64-fedora-gcc, r-devel-windows-ix86+x86_64, r-patched-linux-x86_64, r-patched-solaris-x86, r-release-linux-x86_64, r-release-windows-ix86+x86_64, r-release-osx-x86_64, r-oldrel-windows-ix86+x86_64, r-oldrel-osx-x86_64