Last updated on 2018-02-25 00:49:07 CET.
Flavor | Version | Tinstall | Tcheck | Ttotal | Status | Flags |
---|---|---|---|---|---|---|
r-devel-linux-x86_64-debian-clang | 1.6.8 | 85.00 | 141.97 | 226.97 | OK | |
r-devel-linux-x86_64-debian-gcc | 1.6.8 | 69.22 | 107.16 | 176.38 | OK | |
r-devel-linux-x86_64-fedora-clang | 1.6.8 | 260.80 | OK | |||
r-devel-linux-x86_64-fedora-gcc | 1.6.8 | 246.32 | NOTE | |||
r-devel-windows-ix86+x86_64 | 1.6.8 | 194.00 | 301.00 | 495.00 | OK | |
r-patched-linux-x86_64 | 1.6.8 | 44.20 | 154.14 | 198.34 | OK | |
r-patched-solaris-x86 | 1.6.8 | 340.30 | OK | |||
r-release-linux-x86_64 | 1.6.8 | 44.16 | 153.64 | 197.80 | OK | |
r-release-windows-ix86+x86_64 | 1.6.8 | 131.00 | 324.00 | 455.00 | OK | |
r-release-osx-x86_64 | 1.6.8 | OK | ||||
r-oldrel-windows-ix86+x86_64 | 1.6.8 | 93.00 | 300.00 | 393.00 | OK | |
r-oldrel-osx-x86_64 | 1.6.8 | OK |
Version: 1.6.8
Check: installed package size
Result: NOTE
installed size is 5.3Mb
sub-directories of 1Mb or more:
R 1.7Mb
libs 2.7Mb
Flavor: r-devel-linux-x86_64-fedora-gcc