Last updated on 2018-04-29 01:46:30 CEST.
Flavor | Version | Tinstall | Tcheck | Ttotal | Status | Flags |
---|---|---|---|---|---|---|
r-devel-linux-x86_64-debian-clang | 1.0 | 52.95 | 31.43 | 84.38 | OK | |
r-devel-linux-x86_64-debian-gcc | 1.0 | 47.80 | 27.71 | 75.51 | OK | |
r-devel-linux-x86_64-fedora-clang | 1.0 | 118.85 | OK | |||
r-devel-linux-x86_64-fedora-gcc | 1.0 | 112.24 | OK | |||
r-devel-windows-ix86+x86_64 | 1.0 | 142.00 | 101.00 | 243.00 | OK | |
r-patched-linux-x86_64 | 1.0 | 58.68 | 30.29 | 88.97 | OK | |
r-patched-solaris-x86 | 1.0 | 11.90 | ERROR | |||
r-release-linux-x86_64 | 1.0 | 60.65 | 31.07 | 91.72 | OK | |
r-release-windows-ix86+x86_64 | 1.0 | 142.00 | 101.00 | 243.00 | OK | |
r-release-osx-x86_64 | 1.0 | OK | ||||
r-oldrel-windows-ix86+x86_64 | 1.0 | 104.00 | 72.00 | 176.00 | OK | |
r-oldrel-osx-x86_64 | 1.0 | OK |
Version: 1.0
Check: whether package can be installed
Result: ERROR
Installation failed.
Flavor: r-patched-solaris-x86