CRAN Package Check Results for Package APML0

Last updated on 2018-04-29 01:46:31 CEST.

Flavor Version Tinstall Tcheck Ttotal Status Flags
r-devel-linux-x86_64-debian-clang 0.9 52.22 56.92 109.14 OK
r-devel-linux-x86_64-debian-gcc 0.9 36.00 52.69 88.69 OK
r-devel-linux-x86_64-fedora-clang 0.9 143.71 NOTE
r-devel-linux-x86_64-fedora-gcc 0.9 120.54 NOTE
r-devel-windows-ix86+x86_64 0.9 83.00 132.00 215.00 OK
r-patched-linux-x86_64 0.9 40.15 56.93 97.08 OK
r-patched-solaris-x86 0.9 137.30 OK
r-release-linux-x86_64 0.9 43.46 55.51 98.97 OK
r-release-windows-ix86+x86_64 0.9 83.00 132.00 215.00 OK
r-release-osx-x86_64 0.9 NOTE
r-oldrel-windows-ix86+x86_64 0.9 67.00 127.00 194.00 OK
r-oldrel-osx-x86_64 0.8 NOTE

Check Details

Version: 0.9
Check: installed package size
Result: NOTE
     installed size is 9.5Mb
     sub-directories of 1Mb or more:
     libs 9.2Mb
Flavors: r-devel-linux-x86_64-fedora-clang, r-devel-linux-x86_64-fedora-gcc, r-release-osx-x86_64

Version: 0.8
Check: installed package size
Result: NOTE
     installed size is 9.6Mb
     sub-directories of 1Mb or more:
     libs 9.5Mb
Flavor: r-oldrel-osx-x86_64