Last updated on 2018-04-29 01:46:31 CEST.
Flavor | Version | Tinstall | Tcheck | Ttotal | Status | Flags |
---|---|---|---|---|---|---|
r-devel-linux-x86_64-debian-clang | 0.1.3 | 1.12 | 23.64 | 24.76 | OK | |
r-devel-linux-x86_64-debian-gcc | 0.1.3 | 0.95 | 19.86 | 20.81 | OK | |
r-devel-linux-x86_64-fedora-clang | 0.1.3 | 30.18 | OK | |||
r-devel-linux-x86_64-fedora-gcc | 0.1.3 | 28.16 | OK | |||
r-devel-windows-ix86+x86_64 | 0.1.3 | 4.00 | 50.00 | 54.00 | OK | |
r-patched-linux-x86_64 | 0.1.3 | 1.15 | 23.10 | 24.25 | OK | |
r-patched-solaris-x86 | 0.1.3 | 47.10 | OK | |||
r-release-linux-x86_64 | 0.1.3 | 1.13 | 23.24 | 24.37 | OK | |
r-release-windows-ix86+x86_64 | 0.1.3 | 4.00 | 50.00 | 54.00 | OK | |
r-release-osx-x86_64 | 0.1.3 | NOTE | ||||
r-oldrel-windows-ix86+x86_64 | 0.1.3 | 2.00 | 30.00 | 32.00 | OK | |
r-oldrel-osx-x86_64 | 0.1.3 | OK |
Version: 0.1.3
Check: package dependencies
Result: NOTE
Package suggested but not available for checking: ‘testthat’
Flavor: r-release-osx-x86_64