CRAN Package Check Results for Package AmericanCallOpt

Last updated on 2018-04-29 01:46:31 CEST.

Flavor Version Tinstall Tcheck Ttotal Status Flags
r-devel-linux-x86_64-debian-clang 0.95 1.01 17.82 18.83 NOTE
r-devel-linux-x86_64-debian-gcc 0.95 0.69 14.85 15.54 NOTE
r-devel-linux-x86_64-fedora-clang 0.95 23.28 NOTE
r-devel-linux-x86_64-fedora-gcc 0.95 21.55 NOTE
r-devel-windows-ix86+x86_64 0.95 4.00 33.00 37.00 NOTE
r-patched-linux-x86_64 0.95 1.08 17.61 18.69 NOTE
r-patched-solaris-x86 0.95 34.80 NOTE
r-release-linux-x86_64 0.95 1.17 17.64 18.81 NOTE
r-release-windows-ix86+x86_64 0.95 4.00 33.00 37.00 NOTE
r-release-osx-x86_64 0.95 NOTE
r-oldrel-windows-ix86+x86_64 0.95 3.00 27.00 30.00 NOTE
r-oldrel-osx-x86_64 0.95 NOTE

Check Details

Version: 0.95
Check: DESCRIPTION meta-information
Result: NOTE
    Malformed Title field: should not end in a period.
Flavors: r-devel-linux-x86_64-debian-clang, r-devel-linux-x86_64-debian-gcc, r-devel-linux-x86_64-fedora-clang, r-devel-linux-x86_64-fedora-gcc, r-devel-windows-ix86+x86_64, r-patched-linux-x86_64, r-patched-solaris-x86, r-release-linux-x86_64, r-release-windows-ix86+x86_64, r-release-osx-x86_64, r-oldrel-windows-ix86+x86_64, r-oldrel-osx-x86_64