Last updated on 2018-04-29 01:46:32 CEST.
Flavor | Version | Tinstall | Tcheck | Ttotal | Status | Flags |
---|---|---|---|---|---|---|
r-devel-linux-x86_64-debian-clang | 1.2.1 | 3.14 | 42.56 | 45.70 | OK | |
r-devel-linux-x86_64-debian-gcc | 1.2.1 | 3.25 | 38.38 | 41.63 | OK | |
r-devel-linux-x86_64-fedora-clang | 1.2.1 | 55.72 | NOTE | |||
r-devel-linux-x86_64-fedora-gcc | 1.2.1 | 54.16 | NOTE | |||
r-devel-windows-ix86+x86_64 | 1.2.1 | 10.00 | 85.00 | 95.00 | OK | |
r-patched-linux-x86_64 | 1.2.1 | 2.81 | 43.33 | 46.14 | OK | |
r-patched-solaris-x86 | 1.2.1 | 79.30 | NOTE | |||
r-release-linux-x86_64 | 1.2.1 | 2.90 | 42.71 | 45.61 | OK | |
r-release-windows-ix86+x86_64 | 1.2.1 | 10.00 | 85.00 | 95.00 | OK | |
r-release-osx-x86_64 | 1.2.1 | NOTE | ||||
r-oldrel-windows-ix86+x86_64 | 1.2.1 | 9.00 | 56.00 | 65.00 | OK | |
r-oldrel-osx-x86_64 | 1.2.1 | NOTE |
Version: 1.2.1
Check: dependencies in R code
Result: NOTE
Namespace in Imports field not imported from: ‘readxl’
All declared Imports should be used.
Flavors: r-devel-linux-x86_64-fedora-clang, r-devel-linux-x86_64-fedora-gcc, r-patched-solaris-x86, r-release-osx-x86_64, r-oldrel-osx-x86_64