Last updated on 2018-04-29 01:46:33 CEST.
Flavor | Version | Tinstall | Tcheck | Ttotal | Status | Flags |
---|---|---|---|---|---|---|
r-devel-linux-x86_64-debian-clang | 2.4-9 | 66.13 | 101.12 | 167.25 | OK | |
r-devel-linux-x86_64-debian-gcc | 2.4-9 | 64.38 | 91.12 | 155.50 | OK | |
r-devel-linux-x86_64-fedora-clang | 2.4-9 | 227.56 | NOTE | |||
r-devel-linux-x86_64-fedora-gcc | 2.4-9 | 218.91 | NOTE | |||
r-devel-windows-ix86+x86_64 | 2.4-9 | 171.00 | 216.00 | 387.00 | OK | |
r-patched-linux-x86_64 | 2.4-9 | 68.78 | 100.34 | 169.12 | OK | |
r-patched-solaris-x86 | 2.4-9 | 267.80 | OK | |||
r-release-linux-x86_64 | 2.4-9 | 78.27 | 100.81 | 179.08 | OK | |
r-release-windows-ix86+x86_64 | 2.4-9 | 171.00 | 216.00 | 387.00 | OK | |
r-release-osx-x86_64 | 2.4-9 | NOTE | ||||
r-oldrel-windows-ix86+x86_64 | 2.4-9 | 130.00 | 151.00 | 281.00 | OK | |
r-oldrel-osx-x86_64 | 2.4-9 | NOTE |
Version: 2.4-9
Check: installed package size
Result: NOTE
installed size is 7.4Mb
sub-directories of 1Mb or more:
data 1.4Mb
libs 5.6Mb
Flavors: r-devel-linux-x86_64-fedora-clang, r-devel-linux-x86_64-fedora-gcc, r-release-osx-x86_64, r-oldrel-osx-x86_64