Last updated on 2018-04-29 01:46:32 CEST.
Flavor | Version | Tinstall | Tcheck | Ttotal | Status | Flags |
---|---|---|---|---|---|---|
r-devel-linux-x86_64-debian-clang | 0.2.11 | 8.47 | 115.78 | 124.25 | OK | |
r-devel-linux-x86_64-debian-gcc | 0.2.11 | 8.11 | 87.10 | 95.21 | OK | |
r-devel-linux-x86_64-fedora-clang | 0.2.11 | 147.52 | OK | |||
r-devel-linux-x86_64-fedora-gcc | 0.2.11 | 142.15 | OK | |||
r-devel-windows-ix86+x86_64 | 0.2.11 | 19.00 | 159.00 | 178.00 | NOTE | |
r-patched-linux-x86_64 | 0.2.11 | 9.42 | 115.01 | 124.43 | OK | |
r-patched-solaris-x86 | 0.2.11 | 179.30 | OK | |||
r-release-linux-x86_64 | 0.2.11 | 8.27 | 110.41 | 118.68 | OK | |
r-release-windows-ix86+x86_64 | 0.2.11 | 19.00 | 159.00 | 178.00 | NOTE | |
r-release-osx-x86_64 | 0.2.11 | OK | ||||
r-oldrel-windows-ix86+x86_64 | 0.2.11 | 4.00 | 122.00 | 126.00 | NOTE | |
r-oldrel-osx-x86_64 | 0.2.11 | OK |
Version: 0.2.11
Check: package dependencies
Result: NOTE
Package suggested but not available for checking: 'doMC'
Flavors: r-devel-windows-ix86+x86_64, r-release-windows-ix86+x86_64, r-oldrel-windows-ix86+x86_64