CRAN Package Check Results for Package BayesianNetwork

Last updated on 2018-04-29 01:46:32 CEST.

Flavor Version Tinstall Tcheck Ttotal Status Flags
r-devel-linux-x86_64-debian-clang 0.1.3 5.13 72.99 78.12 OK
r-devel-linux-x86_64-debian-gcc 0.1.3 5.87 67.61 73.48 OK
r-devel-linux-x86_64-fedora-clang 0.1.3 97.86 OK
r-devel-linux-x86_64-fedora-gcc 0.1.3 95.71 OK
r-devel-windows-ix86+x86_64 0.1.3 17.00 150.00 167.00 OK
r-patched-linux-x86_64 0.1.3 6.06 71.33 77.39 OK
r-patched-solaris-x86 0.1.3 145.00 OK
r-release-linux-x86_64 0.1.3 5.17 70.39 75.56 OK
r-release-windows-ix86+x86_64 0.1.3 17.00 150.00 167.00 OK
r-release-osx-x86_64 0.1.3 OK
r-oldrel-windows-ix86+x86_64 0.1.3 13.00 90.00 103.00 OK
r-oldrel-osx-x86_64 0.1.3 WARN

Check Details

Version: 0.1.3
Check: whether package can be installed
Result: WARN
    Found the following significant warnings:
     Warning: Installed Rcpp (0.12.12) different from Rcpp used to build dplyr (0.12.11).
Flavor: r-oldrel-osx-x86_64