CRAN Package Check Results for Package BeSS

Last updated on 2018-04-29 01:46:32 CEST.

Flavor Version Tinstall Tcheck Ttotal Status Flags
r-devel-linux-x86_64-debian-clang 1.0.5 81.32 79.01 160.33 OK
r-devel-linux-x86_64-debian-gcc 1.0.5 75.94 68.78 144.72 OK
r-devel-linux-x86_64-fedora-clang 1.0.5 214.91 NOTE
r-devel-linux-x86_64-fedora-gcc 1.0.5 213.27 NOTE
r-devel-windows-ix86+x86_64 1.0.5 157.00 159.00 316.00 OK
r-patched-linux-x86_64 1.0.5 89.23 74.24 163.47 OK
r-patched-solaris-x86 1.0.5 224.60 OK
r-release-linux-x86_64 1.0.5 91.09 72.74 163.83 OK
r-release-windows-ix86+x86_64 1.0.5 157.00 159.00 316.00 OK
r-release-osx-x86_64 1.0.5 NOTE
r-oldrel-windows-ix86+x86_64 1.0.5 120.00 158.00 278.00 OK
r-oldrel-osx-x86_64 1.0.5 NOTE

Check Details

Version: 1.0.5
Check: installed package size
Result: NOTE
     installed size is 28.8Mb
     sub-directories of 1Mb or more:
     libs 27.7Mb
Flavors: r-devel-linux-x86_64-fedora-clang, r-devel-linux-x86_64-fedora-gcc, r-release-osx-x86_64, r-oldrel-osx-x86_64