CRAN Package Check Results for Package BivarP

Last updated on 2018-04-29 01:46:33 CEST.

Flavor Version Tinstall Tcheck Ttotal Status Flags
r-devel-linux-x86_64-debian-clang 1.0 5.13 59.12 64.25 NOTE
r-devel-linux-x86_64-debian-gcc 1.0 5.54 55.01 60.55 NOTE
r-devel-linux-x86_64-fedora-clang 1.0 82.16 NOTE
r-devel-linux-x86_64-fedora-gcc 1.0 79.18 NOTE
r-devel-windows-ix86+x86_64 1.0 16.00 98.00 114.00 NOTE
r-patched-linux-x86_64 1.0 5.75 57.82 63.57 NOTE
r-patched-solaris-x86 1.0 132.20 NOTE
r-release-linux-x86_64 1.0 5.50 57.75 63.25 NOTE
r-release-windows-ix86+x86_64 1.0 16.00 98.00 114.00 NOTE
r-release-osx-x86_64 1.0 NOTE
r-oldrel-windows-ix86+x86_64 1.0 9.00 100.00 109.00 NOTE
r-oldrel-osx-x86_64 1.0 ERROR

Check Details

Version: 1.0
Check: R code for possible problems
Result: NOTE
    BiVarEst : gammafit : gammaLik: no visible global function definition
     for ‘dgamma’
    BiVarEst : gammafit : gammaLik: no visible global function definition
     for ‘pgamma’
    BiVarEst : LiBiCop: no visible global function definition for
     ‘dweibull’
    BiVarEst : LiBiCop: no visible global function definition for
     ‘pweibull’
    BiVarEst : LiBiCop: no visible global function definition for ‘dlnorm’
    BiVarEst : LiBiCop: no visible global function definition for ‘plnorm’
    BiVarEst : LiBiCop: no visible global function definition for ‘dnorm’
    BiVarEst : LiBiCop: no visible global function definition for ‘pnorm’
    BiVarEst : LiBiCop: no visible global function definition for ‘dgamma’
    BiVarEst : LiBiCop: no visible global function definition for ‘pgamma’
    dibivar: no visible global function definition for ‘pweibull’
    dibivar: no visible global function definition for ‘dweibull’
    dibivar: no visible global function definition for ‘pgamma’
    dibivar: no visible global function definition for ‘dgamma’
    dibivar: no visible global function definition for ‘plnorm’
    dibivar: no visible global function definition for ‘dlnorm’
    dibivar: no visible global function definition for ‘pnorm’
    dibivar: no visible global function definition for ‘dnorm’
    gammafit : gammaLik: no visible global function definition for ‘dgamma’
    gammafit : gammaLik: no visible global function definition for ‘pgamma’
    pibivar: no visible global function definition for ‘pweibull’
    pibivar: no visible global function definition for ‘pgamma’
    pibivar: no visible global function definition for ‘plnorm’
    pibivar: no visible global function definition for ‘pnorm’
    subivar: no visible global function definition for ‘pweibull’
    subivar: no visible global function definition for ‘pgamma’
    subivar: no visible global function definition for ‘plnorm’
    subivar: no visible global function definition for ‘pnorm’
    Undefined global functions or variables:
     dgamma dlnorm dnorm dweibull pgamma plnorm pnorm pweibull
    Consider adding
     importFrom("stats", "dgamma", "dlnorm", "dnorm", "dweibull", "pgamma",
     "plnorm", "pnorm", "pweibull")
    to your NAMESPACE file.
Flavors: r-devel-linux-x86_64-debian-clang, r-devel-linux-x86_64-debian-gcc, r-devel-linux-x86_64-fedora-clang, r-devel-linux-x86_64-fedora-gcc, r-devel-windows-ix86+x86_64, r-patched-linux-x86_64, r-patched-solaris-x86, r-release-linux-x86_64, r-release-windows-ix86+x86_64, r-release-osx-x86_64, r-oldrel-windows-ix86+x86_64

Version: 1.0
Check: package dependencies
Result: ERROR
    Package required but not available: ‘copula’
    
    See section ‘The DESCRIPTION file’ in the ‘Writing R Extensions’
    manual.
Flavor: r-oldrel-osx-x86_64