Last updated on 2018-04-29 01:46:33 CEST.
Flavor | Version | Tinstall | Tcheck | Ttotal | Status | Flags |
---|---|---|---|---|---|---|
r-devel-linux-x86_64-debian-clang | 2.0.7 | 1.68 | 33.48 | 35.16 | OK | |
r-devel-linux-x86_64-debian-gcc | 2.0.7 | 2.04 | 26.01 | 28.05 | OK | |
r-devel-linux-x86_64-fedora-clang | 2.0.7 | 42.97 | NOTE | |||
r-devel-linux-x86_64-fedora-gcc | 2.0.7 | 40.44 | NOTE | |||
r-devel-windows-ix86+x86_64 | 2.0.7 | 8.00 | 69.00 | 77.00 | OK | |
r-patched-linux-x86_64 | 2.0.7 | 2.54 | 32.82 | 35.36 | OK | |
r-patched-solaris-x86 | 2.0.7 | 61.80 | NOTE | |||
r-release-linux-x86_64 | 2.0.7 | 2.06 | 36.05 | 38.11 | OK | |
r-release-windows-ix86+x86_64 | 2.0.7 | 8.00 | 69.00 | 77.00 | OK | |
r-release-osx-x86_64 | 2.0.7 | ERROR | ||||
r-oldrel-windows-ix86+x86_64 | 2.0.7 | 5.00 | 36.00 | 41.00 | OK | |
r-oldrel-osx-x86_64 | 2.0.7 | ERROR |
Version: 2.0.7
Check: dependencies in R code
Result: NOTE
Namespaces in Imports field not imported from:
‘RGtk2’ ‘cairoDevice’ ‘ergm’ ‘foreign’ ‘gWidgets’ ‘gWidgetsRGtk2’
‘haven’ ‘plot3D’ ‘plot3Drgl’ ‘rgl’ ‘sna’ ‘statnet.common’
All declared Imports should be used.
Flavors: r-devel-linux-x86_64-fedora-clang, r-devel-linux-x86_64-fedora-gcc, r-patched-solaris-x86
Version: 2.0.7
Check: package dependencies
Result: ERROR
Packages required but not available: ‘gWidgetsRGtk2’ ‘RGtk2’ ‘cairoDevice’
See section ‘The DESCRIPTION file’ in the ‘Writing R Extensions’
manual.
Flavors: r-release-osx-x86_64, r-oldrel-osx-x86_64