CRAN Package Check Results for Package CMPControl

Last updated on 2018-04-29 01:46:40 CEST.

Flavor Version Tinstall Tcheck Ttotal Status Flags
r-devel-linux-x86_64-debian-clang 1.0 1.06 19.30 20.36 NOTE
r-devel-linux-x86_64-debian-gcc 1.0 0.74 15.75 16.49 NOTE
r-devel-linux-x86_64-fedora-clang 1.0 25.96 NOTE
r-devel-linux-x86_64-fedora-gcc 1.0 22.64 NOTE
r-devel-windows-ix86+x86_64 1.0 3.00 34.00 37.00 NOTE
r-patched-linux-x86_64 1.0 0.80 18.84 19.64 NOTE
r-patched-solaris-x86 1.0 40.30 NOTE
r-release-linux-x86_64 1.0 1.13 18.76 19.89 NOTE
r-release-windows-ix86+x86_64 1.0 3.00 34.00 37.00 NOTE
r-release-osx-x86_64 1.0 NOTE
r-oldrel-windows-ix86+x86_64 1.0 3.00 39.00 42.00 NOTE
r-oldrel-osx-x86_64 1.0 NOTE

Check Details

Version: 1.0
Check: R code for possible problems
Result: NOTE
    ComputeLambdaAndNuHat.shiftCMPest: no visible global function
     definition for ‘nlminb’
    ControlCharts: no visible global function definition for
     ‘com.log.density’
    ControlCharts: no visible global function definition for ‘plot’
    ControlCharts: no visible global function definition for ‘abline’
    Undefined global functions or variables:
     abline com.log.density nlminb plot
    Consider adding
     importFrom("graphics", "abline", "plot")
     importFrom("stats", "nlminb")
    to your NAMESPACE file.
Flavors: r-devel-linux-x86_64-debian-clang, r-devel-linux-x86_64-debian-gcc, r-devel-linux-x86_64-fedora-clang, r-devel-linux-x86_64-fedora-gcc, r-devel-windows-ix86+x86_64, r-patched-linux-x86_64, r-patched-solaris-x86, r-release-linux-x86_64, r-release-windows-ix86+x86_64, r-release-osx-x86_64, r-oldrel-windows-ix86+x86_64, r-oldrel-osx-x86_64