Last updated on 2018-04-29 01:46:39 CEST.
Flavor | Version | Tinstall | Tcheck | Ttotal | Status | Flags |
---|---|---|---|---|---|---|
r-devel-linux-x86_64-debian-clang | 4.4.97 | 5.26 | 91.14 | 96.40 | OK | |
r-devel-linux-x86_64-debian-gcc | 4.4.97 | 4.74 | 72.18 | 76.92 | OK | |
r-devel-linux-x86_64-fedora-clang | 4.4.97 | 115.89 | OK | |||
r-devel-linux-x86_64-fedora-gcc | 4.4.97 | 116.01 | OK | |||
r-devel-windows-ix86+x86_64 | 4.4.97 | 13.00 | 159.00 | 172.00 | OK | |
r-patched-linux-x86_64 | 4.4.97 | 6.37 | 88.92 | 95.29 | OK | |
r-patched-solaris-x86 | 4.4.97 | 149.80 | OK | |||
r-release-linux-x86_64 | 4.4.97 | 5.19 | 88.24 | 93.43 | OK | |
r-release-windows-ix86+x86_64 | 4.4.97 | 13.00 | 159.00 | 172.00 | OK | |
r-release-osx-x86_64 | 4.4.97 | OK | ||||
r-oldrel-windows-ix86+x86_64 | 4.4.97 | 8.00 | 118.00 | 126.00 | OK | |
r-oldrel-osx-x86_64 | 4.4.97 | NOTE |
Version: 4.4.97
Check: package dependencies
Result: NOTE
Package suggested but not available for checking: ‘speaq’
Flavor: r-oldrel-osx-x86_64