Last updated on 2018-04-29 01:46:40 CEST.
Flavor | Version | Tinstall | Tcheck | Ttotal | Status | Flags |
---|---|---|---|---|---|---|
r-devel-linux-x86_64-debian-clang | 1.0-7 | 6.95 | 109.89 | 116.84 | OK | |
r-devel-linux-x86_64-debian-gcc | 1.0-7 | 8.11 | 104.53 | 112.64 | OK | |
r-devel-linux-x86_64-fedora-clang | 1.0-7 | 142.80 | NOTE | |||
r-devel-linux-x86_64-fedora-gcc | 1.0-7 | 141.50 | NOTE | |||
r-devel-windows-ix86+x86_64 | 1.0-7 | 18.00 | 159.00 | 177.00 | OK | |
r-patched-linux-x86_64 | 1.0-7 | 7.26 | 108.46 | 115.72 | OK | |
r-patched-solaris-x86 | 1.0-7 | 236.60 | NOTE | |||
r-release-linux-x86_64 | 1.0-7 | 8.63 | 108.31 | 116.94 | OK | |
r-release-windows-ix86+x86_64 | 1.0-7 | 18.00 | 159.00 | 177.00 | OK | |
r-release-osx-x86_64 | 1.0-7 | NOTE | ||||
r-oldrel-windows-ix86+x86_64 | 1.0-7 | 12.00 | 122.00 | 134.00 | OK | |
r-oldrel-osx-x86_64 | 1.0-7 | NOTE |
Version: 1.0-7
Check: data for non-ASCII characters
Result: NOTE
Note: found 1 marked Latin-1 string
Flavors: r-devel-linux-x86_64-fedora-clang, r-devel-linux-x86_64-fedora-gcc, r-patched-solaris-x86, r-release-osx-x86_64, r-oldrel-osx-x86_64