CRAN Package Check Results for Package DSsim

Last updated on 2018-04-29 01:46:46 CEST.

Flavor Version Tinstall Tcheck Ttotal Status Flags
r-devel-linux-x86_64-debian-clang 1.1.2 12.70 142.02 154.72 OK
r-devel-linux-x86_64-debian-gcc 1.1.2 10.20 127.50 137.70 OK
r-devel-linux-x86_64-fedora-clang 1.1.2 191.89 NOTE
r-devel-linux-x86_64-fedora-gcc 1.1.2 186.95 NOTE
r-devel-windows-ix86+x86_64 1.1.2 28.00 204.00 232.00 OK
r-patched-linux-x86_64 1.1.2 9.86 135.27 145.13 OK
r-patched-solaris-x86 1.1.2 262.70 NOTE
r-release-linux-x86_64 1.1.2 12.64 133.30 145.94 OK
r-release-windows-ix86+x86_64 1.1.2 28.00 204.00 232.00 OK
r-release-osx-x86_64 1.1.2 NOTE
r-oldrel-windows-ix86+x86_64 1.1.2 13.00 170.00 183.00 OK
r-oldrel-osx-x86_64 1.1.2 NOTE

Check Details

Version: 1.1.2
Check: dependencies in R code
Result: NOTE
    Namespace in Imports field not imported from: ‘shapefiles’
     All declared Imports should be used.
Flavors: r-devel-linux-x86_64-fedora-clang, r-devel-linux-x86_64-fedora-gcc, r-patched-solaris-x86, r-release-osx-x86_64, r-oldrel-osx-x86_64