CRAN Package Check Results for Package DistatisR

Last updated on 2018-04-29 01:46:45 CEST.

Flavor Version Tinstall Tcheck Ttotal Status Flags
r-devel-linux-x86_64-debian-clang 1.0 1.91 40.63 42.54 NOTE
r-devel-linux-x86_64-debian-gcc 1.0 2.38 33.32 35.70 NOTE
r-devel-linux-x86_64-fedora-clang 1.0 51.56 NOTE
r-devel-linux-x86_64-fedora-gcc 1.0 51.16 NOTE
r-devel-windows-ix86+x86_64 1.0 9.00 78.00 87.00 NOTE
r-patched-linux-x86_64 1.0 2.65 39.39 42.04 NOTE
r-patched-solaris-x86 1.0 75.20 NOTE
r-release-linux-x86_64 1.0 3.02 38.97 41.99 NOTE
r-release-windows-ix86+x86_64 1.0 9.00 78.00 87.00 NOTE
r-release-osx-x86_64 1.0 NOTE
r-oldrel-windows-ix86+x86_64 1.0 5.00 73.00 78.00 NOTE
r-oldrel-osx-x86_64 1.0 NOTE

Check Details

Version: 1.0
Check: DESCRIPTION meta-information
Result: NOTE
    Malformed Description field: should contain one or more complete sentences.
Flavors: r-devel-linux-x86_64-debian-clang, r-devel-linux-x86_64-debian-gcc, r-devel-linux-x86_64-fedora-clang, r-devel-linux-x86_64-fedora-gcc, r-devel-windows-ix86+x86_64, r-patched-linux-x86_64, r-patched-solaris-x86, r-release-linux-x86_64, r-release-windows-ix86+x86_64, r-release-osx-x86_64, r-oldrel-windows-ix86+x86_64, r-oldrel-osx-x86_64

Version: 1.0
Check: dependencies in R code
Result: NOTE
    Packages in Depends field not imported from:
     ‘car’ ‘prettyGraphs’
     These packages need to be imported from (in the NAMESPACE file)
     for when this namespace is loaded but not attached.
Flavors: r-devel-linux-x86_64-debian-clang, r-devel-linux-x86_64-debian-gcc, r-devel-linux-x86_64-fedora-clang, r-devel-linux-x86_64-fedora-gcc, r-devel-windows-ix86+x86_64, r-patched-linux-x86_64, r-patched-solaris-x86, r-release-linux-x86_64, r-release-windows-ix86+x86_64, r-release-osx-x86_64, r-oldrel-windows-ix86+x86_64, r-oldrel-osx-x86_64

Version: 1.0
Check: S3 generic/method consistency
Result: NOTE
    Found the following apparent S3 methods exported but not registered:
     print.Cmat print.DistatisR print.Splus
    See section ‘Registering S3 methods’ in the ‘Writing R Extensions’
    manual.
Flavors: r-devel-linux-x86_64-debian-clang, r-devel-linux-x86_64-debian-gcc, r-devel-linux-x86_64-fedora-clang, r-devel-linux-x86_64-fedora-gcc, r-patched-linux-x86_64, r-patched-solaris-x86, r-release-linux-x86_64

Version: 1.0
Check: R code for possible problems
Result: NOTE
    Chi2DistanceFromSort: no visible global function definition for
     ‘model.matrix’
    GraphDistatisAll: no visible global function definition for
     ‘createColorVectorsByDesign’
    GraphDistatisBoot: no visible global function definition for
     ‘createColorVectorsByDesign’
    GraphDistatisBoot: no visible global function definition for
     ‘dataEllipse’
    GraphDistatisBoot: no visible global function definition for
     ‘peeledHull’
    GraphDistatisCompromise: no visible global function definition for
     ‘createColorVectorsByDesign’
    GraphDistatisCompromise: no visible global function definition for
     ‘prettyPlot’
    GraphDistatisPartial: no visible global function definition for
     ‘createColorVectorsByDesign’
    GraphDistatisPartial: no visible global function definition for
     ‘points’
    GraphDistatisPartial: no visible global function definition for
     ‘prettyPlot’
    GraphDistatisRv: no visible global function definition for
     ‘createColorVectorsByDesign’
    GraphDistatisRv: no visible global function definition for ‘prettyPlot’
    Undefined global functions or variables:
     createColorVectorsByDesign dataEllipse model.matrix peeledHull points
     prettyPlot
    Consider adding
     importFrom("graphics", "points")
     importFrom("stats", "model.matrix")
    to your NAMESPACE file.
Flavors: r-devel-linux-x86_64-debian-clang, r-devel-linux-x86_64-debian-gcc, r-devel-linux-x86_64-fedora-clang, r-devel-linux-x86_64-fedora-gcc, r-devel-windows-ix86+x86_64, r-patched-linux-x86_64, r-patched-solaris-x86, r-release-linux-x86_64, r-release-windows-ix86+x86_64, r-release-osx-x86_64, r-oldrel-windows-ix86+x86_64, r-oldrel-osx-x86_64