CRAN Package Check Results for Package EasyMx

Last updated on 2018-04-29 01:46:46 CEST.

Flavor Version Tinstall Tcheck Ttotal Status Flags
r-devel-linux-x86_64-debian-clang 0.2-1 4.02 556.67 560.69 OK
r-devel-linux-x86_64-debian-gcc 0.2-1 4.52 204.59 209.11 OK
r-devel-linux-x86_64-fedora-clang 0.2-1 742.46 OK
r-devel-linux-x86_64-fedora-gcc 0.2-1 84.40 OK
r-devel-windows-ix86+x86_64 0.2-1 14.00 98.00 112.00 OK
r-patched-linux-x86_64 0.2-1 4.07 274.61 278.68 OK
r-patched-solaris-x86 0.2-1 132.90 ERROR
r-release-linux-x86_64 0.2-1 6.03 277.61 283.64 OK
r-release-windows-ix86+x86_64 0.2-1 14.00 98.00 112.00 OK
r-release-osx-x86_64 0.2-1 OK
r-oldrel-windows-ix86+x86_64 0.2-1 10.00 98.00 108.00 OK
r-oldrel-osx-x86_64 0.2-1 ERROR

Check Details

Version: 0.2-1
Check: examples
Result: ERROR
    Running examples in ‘EasyMx-Ex.R’ failed
    The error most likely occurred in:
    
    > ### Name: emxCholeskyComponent
    > ### Title: Creates component for a Cholesky Model
    > ### Aliases: emxCholeskyComponent
    >
    > ### ** Examples
    >
    >
    > # Create an ACE model in 22 lines
    > require(EasyMx)
    > require(OpenMx)
    > data(twinData)
    > twinVar = names(twinData)
    > selVars <- c('ht1', 'bmi1','ht2','bmi2')
    > mzdzData <- subset(twinData, zyg %in% c(1, 3), c(selVars, 'zyg'))
    > mzdzData$RCoef <- c(1, NA, .5)[mzdzData$zyg]
    > nVar = length(selVars)/2
    > x <- paste0('x', 1:nVar)
    >
    > acomp <- emxCholeskyComponent(x, 'A', hvalues=c(1, .5, 1), hlabels=c(NA, 'data.RCoef', NA))
    > ccomp <- emxCholeskyComponent(x, 'C', hvalues=c(1, 1, 1))
    > ecomp <- emxCholeskyComponent(x, 'E', hvalues=c(1, 0, 1))
    > totalVar <- mxAlgebra(AKron + CKron + EKron, 'V', dimnames=list(selVars, selVars))
    > totalMean <- emxMeans(selVars, type='twin')
    > expect <- mxExpectationNormal(totalVar$name, totalMean$name)
    > fitfun <- mxFitFunctionML()
    >
    > comlist <- c(acomp, ccomp, ecomp, list(totalVar, totalMean, expect, fitfun))
    >
    > model <- mxModel('model', comlist, mxData(mzdzData, 'raw'))
    > run2 <- mxRun(model)
    Running model with 11 parameters
    
     *** caught segfault ***
    address 0, cause 'memory not mapped'
    
    Traceback:
     1: runHelper(model, frontendStart, intervals, silent, suppressWarnings, unsafe, checkpoint, useSocket, onlyFrontend, useOptimizer)
     2: mxRun(model)
    An irrecoverable exception occurred. R is aborting now ...
Flavor: r-patched-solaris-x86

Version: 0.2-1
Check: examples
Result: ERROR
    Running examples in ‘EasyMx-Ex.R’ failed
    The error most likely occurred in:
    
    > ### Name: EasyMx-package
    > ### Title: EasyMx: Easy modeling in OpenMx
    > ### Aliases: EasyMx-package EasyMx
    >
    > ### ** Examples
    >
    >
    > # Make and run a one factor model
    > require(EasyMx)
    >
    > data(demoOneFactor)
    > fmod <- list(G=names(demoOneFactor))
    > fit1 <- emxFactorModel(fmod, demoOneFactor, run=TRUE)
    Error: The row names of the LX matrix and the row names of the TX matrix in model 'Model' do not contain identical names.
    Execution halted
Flavor: r-oldrel-osx-x86_64