Last updated on 2018-04-29 01:46:46 CEST.
Flavor | Version | Tinstall | Tcheck | Ttotal | Status | Flags |
---|---|---|---|---|---|---|
r-devel-linux-x86_64-debian-clang | 0.3.1 | 2.41 | 44.05 | 46.46 | OK | |
r-devel-linux-x86_64-debian-gcc | 0.3.1 | 1.80 | 34.46 | 36.26 | OK | |
r-devel-linux-x86_64-fedora-clang | 0.3.1 | 55.92 | NOTE | |||
r-devel-linux-x86_64-fedora-gcc | 0.3.1 | 55.06 | NOTE | |||
r-devel-windows-ix86+x86_64 | 0.3.1 | 7.00 | 78.00 | 85.00 | OK | |
r-patched-linux-x86_64 | 0.3.1 | 1.70 | 43.76 | 45.46 | OK | |
r-patched-solaris-x86 | 0.3.1 | 77.80 | NOTE | |||
r-release-linux-x86_64 | 0.3.1 | 2.47 | 43.19 | 45.66 | OK | |
r-release-windows-ix86+x86_64 | 0.3.1 | 7.00 | 78.00 | 85.00 | OK | |
r-release-osx-x86_64 | 0.3.1 | NOTE | ||||
r-oldrel-windows-ix86+x86_64 | 0.3.1 | 2.00 | 58.00 | 60.00 | OK | |
r-oldrel-osx-x86_64 | 0.3.1 | NOTE |
Version: 0.3.1
Check: data for non-ASCII characters
Result: NOTE
Note: found 238 marked Latin-1 strings
Flavors: r-devel-linux-x86_64-fedora-clang, r-devel-linux-x86_64-fedora-gcc, r-patched-solaris-x86, r-release-osx-x86_64, r-oldrel-osx-x86_64
Version: 0.3.1
Check: re-building of vignette outputs
Result: NOTE
Error in re-building vignettes:
...
Error in texi2dvi(file = file, pdf = TRUE, clean = clean, quiet = quiet, :
Running 'texi2dvi' on 'ElastH.tex' failed.
LaTeX errors:
! LaTeX Error: File `authblk.sty' not found.
Type X to quit or <RETURN> to proceed,
or enter new name. (Default extension: sty)
! Emergency stop.
<read *>
l.4 \usepackage
{hyperref}^^M
! ==> Fatal error occurred, no output PDF file produced!
Calls: buildVignettes -> texi2pdf -> texi2dvi
Execution halted
Flavor: r-oldrel-osx-x86_64