Last updated on 2018-04-29 01:46:46 CEST.
Flavor | Version | Tinstall | Tcheck | Ttotal | Status | Flags |
---|---|---|---|---|---|---|
r-devel-linux-x86_64-debian-clang | 2015.6.26 | 29.35 | 36.34 | 65.69 | OK | |
r-devel-linux-x86_64-debian-gcc | 2015.6.26 | 26.88 | 28.91 | 55.79 | OK | |
r-devel-linux-x86_64-fedora-clang | 2015.6.26 | 86.29 | NOTE | |||
r-devel-linux-x86_64-fedora-gcc | 2015.6.26 | 85.93 | NOTE | |||
r-devel-windows-ix86+x86_64 | 2015.6.26 | 50.00 | 62.00 | 112.00 | NOTE | |
r-patched-linux-x86_64 | 2015.6.26 | 32.38 | 35.03 | 67.41 | OK | |
r-patched-solaris-x86 | 2015.6.26 | 161.20 | NOTE | |||
r-release-linux-x86_64 | 2015.6.26 | 31.69 | 35.59 | 67.28 | OK | |
r-release-windows-ix86+x86_64 | 2015.6.26 | 50.00 | 62.00 | 112.00 | NOTE | |
r-release-osx-x86_64 | 2015.6.26 | NOTE | ||||
r-oldrel-windows-ix86+x86_64 | 2015.6.26 | 37.00 | 60.00 | 97.00 | NOTE | |
r-oldrel-osx-x86_64 | 2015.6.26 | NOTE |
Version: 2015.6.26
Check: installed package size
Result: NOTE
installed size is 11.7Mb
sub-directories of 1Mb or more:
data 11.5Mb
Flavors: r-devel-linux-x86_64-fedora-clang, r-devel-linux-x86_64-fedora-gcc, r-devel-windows-ix86+x86_64, r-patched-solaris-x86, r-release-windows-ix86+x86_64, r-release-osx-x86_64, r-oldrel-windows-ix86+x86_64, r-oldrel-osx-x86_64