CRAN Package Check Results for Package EthSEQ

Last updated on 2018-04-29 01:46:47 CEST.

Flavor Version Tinstall Tcheck Ttotal Status Flags
r-devel-linux-x86_64-debian-clang 2.1.2 1.95 34.72 36.67 OK
r-devel-linux-x86_64-debian-gcc 2.1.2 1.80 29.20 31.00 OK
r-devel-linux-x86_64-fedora-clang 2.1.2 46.99 OK
r-devel-linux-x86_64-fedora-gcc 2.1.2 45.46 OK
r-devel-windows-ix86+x86_64 2.1.2 9.00 63.00 72.00 OK
r-patched-linux-x86_64 2.1.2 3.29 34.91 38.20 OK
r-patched-solaris-x86 2.1.2 3.80 ERROR
r-release-linux-x86_64 2.1.2 3.18 34.84 38.02 OK
r-release-windows-ix86+x86_64 2.1.2 9.00 63.00 72.00 OK
r-release-osx-x86_64 2.1.2 OK
r-oldrel-windows-ix86+x86_64 2.1.2 6.00 50.00 56.00 OK
r-oldrel-osx-x86_64 2.1.2 OK

Check Details

Version: 2.1.2
Check: package dependencies
Result: ERROR
    Packages required but not available: ‘SNPRelate’ ‘gdsfmt’
    
    See section ‘The DESCRIPTION file’ in the ‘Writing R Extensions’
    manual.
Flavor: r-patched-solaris-x86