Last updated on 2018-04-29 01:46:47 CEST.
Flavor | Version | Tinstall | Tcheck | Ttotal | Status | Flags |
---|---|---|---|---|---|---|
r-devel-linux-x86_64-debian-clang | 1.1 | 22.29 | 25.74 | 48.03 | NOTE | |
r-devel-linux-x86_64-debian-gcc | 1.1 | 15.69 | 21.94 | 37.63 | NOTE | |
r-devel-linux-x86_64-fedora-clang | 1.1 | 60.62 | NOTE | |||
r-devel-linux-x86_64-fedora-gcc | 1.1 | 53.84 | NOTE | |||
r-devel-windows-ix86+x86_64 | 1.1 | 54.00 | 73.00 | 127.00 | NOTE | |
r-patched-linux-x86_64 | 1.1 | 17.27 | 24.96 | 42.23 | NOTE | |
r-patched-solaris-x86 | 1.1 | 76.20 | OK | |||
r-release-linux-x86_64 | 1.1 | 20.08 | 25.35 | 45.43 | NOTE | |
r-release-windows-ix86+x86_64 | 1.1 | 54.00 | 73.00 | 127.00 | NOTE | |
r-release-osx-x86_64 | 1.1 | NOTE | ||||
r-oldrel-windows-ix86+x86_64 | 1.1 | 40.00 | 65.00 | 105.00 | NOTE | |
r-oldrel-osx-x86_64 | 1.1 | NOTE |
Version: 1.1
Check: compiled code
Result: NOTE
File ‘FBFsearch/libs/FBFsearch.so’:
Found no calls to: ‘R_registerRoutines’, ‘R_useDynamicSymbols’
It is good practice to register native routines and to disable symbol
search.
See ‘Writing portable packages’ in the ‘Writing R Extensions’ manual.
Flavors: r-devel-linux-x86_64-debian-clang, r-devel-linux-x86_64-debian-gcc, r-devel-linux-x86_64-fedora-clang, r-devel-linux-x86_64-fedora-gcc, r-patched-linux-x86_64, r-release-linux-x86_64
Version: 1.1
Check: installed package size
Result: NOTE
installed size is 5.3Mb
sub-directories of 1Mb or more:
data 3.5Mb
libs 1.7Mb
Flavors: r-devel-linux-x86_64-fedora-clang, r-devel-linux-x86_64-fedora-gcc, r-devel-windows-ix86+x86_64, r-release-windows-ix86+x86_64, r-release-osx-x86_64, r-oldrel-windows-ix86+x86_64, r-oldrel-osx-x86_64