Last updated on 2018-04-29 01:46:48 CEST.
Flavor | Version | Tinstall | Tcheck | Ttotal | Status | Flags |
---|---|---|---|---|---|---|
r-devel-linux-x86_64-debian-clang | 1.3.5 | 10.24 | 181.61 | 191.85 | OK | |
r-devel-linux-x86_64-debian-gcc | 1.3.5 | 11.12 | 148.31 | 159.43 | OK | |
r-devel-linux-x86_64-fedora-clang | 1.3.5 | 225.76 | NOTE | |||
r-devel-linux-x86_64-fedora-gcc | 1.3.5 | 224.06 | NOTE | |||
r-devel-windows-ix86+x86_64 | 1.3.5 | 26.00 | 269.00 | 295.00 | NOTE | |
r-patched-linux-x86_64 | 1.3.5 | 10.79 | 178.09 | 188.88 | OK | |
r-patched-solaris-x86 | 1.3.5 | 306.40 | NOTE | |||
r-release-linux-x86_64 | 1.3.5 | 9.48 | 178.43 | 187.91 | OK | |
r-release-windows-ix86+x86_64 | 1.3.5 | 26.00 | 269.00 | 295.00 | NOTE | |
r-release-osx-x86_64 | 1.3.5 | NOTE | ||||
r-oldrel-windows-ix86+x86_64 | 1.3.5 | 12.00 | 226.00 | 238.00 | NOTE | |
r-oldrel-osx-x86_64 | 1.3.5 | NOTE |
Version: 1.3.5
Check: installed package size
Result: NOTE
installed size is 6.0Mb
sub-directories of 1Mb or more:
doc 4.6Mb
Flavors: r-devel-linux-x86_64-fedora-clang, r-devel-linux-x86_64-fedora-gcc, r-devel-windows-ix86+x86_64, r-patched-solaris-x86, r-release-windows-ix86+x86_64, r-release-osx-x86_64, r-oldrel-windows-ix86+x86_64, r-oldrel-osx-x86_64