Last updated on 2018-04-29 01:46:48 CEST.
Flavor | Version | Tinstall | Tcheck | Ttotal | Status | Flags |
---|---|---|---|---|---|---|
r-devel-linux-x86_64-debian-clang | 0.1.0 | 0.68 | 18.87 | 19.55 | NOTE | |
r-devel-linux-x86_64-debian-gcc | 0.1.0 | 0.68 | 15.33 | 16.01 | NOTE | |
r-devel-linux-x86_64-fedora-clang | 0.1.0 | 24.01 | NOTE | |||
r-devel-linux-x86_64-fedora-gcc | 0.1.0 | 22.95 | NOTE | |||
r-devel-windows-ix86+x86_64 | 0.1.0 | 3.00 | 43.00 | 46.00 | NOTE | |
r-patched-linux-x86_64 | 0.1.0 | 0.87 | 18.19 | 19.06 | NOTE | |
r-patched-solaris-x86 | 0.1.0 | 37.00 | NOTE | |||
r-release-linux-x86_64 | 0.1.0 | 0.85 | 18.18 | 19.03 | NOTE | |
r-release-windows-ix86+x86_64 | 0.1.0 | 3.00 | 43.00 | 46.00 | NOTE | |
r-release-osx-x86_64 | 0.1.0 | NOTE | ||||
r-oldrel-windows-ix86+x86_64 | 0.1.0 | 2.00 | 33.00 | 35.00 | NOTE | |
r-oldrel-osx-x86_64 | 0.1.0 | NOTE |
Version: 0.1.0
Check: dependencies in R code
Result: NOTE
'library' or 'require' calls in package code:
‘ggplot2’ ‘gridExtra’
Please use :: or requireNamespace() instead.
See section 'Suggested packages' in the 'Writing R Extensions' manual.
Flavors: r-devel-linux-x86_64-debian-clang, r-devel-linux-x86_64-debian-gcc, r-devel-linux-x86_64-fedora-clang, r-devel-linux-x86_64-fedora-gcc, r-devel-windows-ix86+x86_64, r-patched-linux-x86_64, r-patched-solaris-x86, r-release-linux-x86_64, r-release-windows-ix86+x86_64, r-release-osx-x86_64, r-oldrel-windows-ix86+x86_64, r-oldrel-osx-x86_64
Version: 0.1.0
Check: R code for possible problems
Result: NOTE
FFieldPtRepDemo: no visible global function definition for ‘ggplot’
FFieldPtRepDemo: no visible binding for global variable ‘mtcars’
FFieldPtRepDemo: no visible global function definition for ‘aes’
FFieldPtRepDemo: no visible binding for global variable ‘mpg’
FFieldPtRepDemo: no visible global function definition for ‘geom_point’
FFieldPtRepDemo: no visible global function definition for ‘geom_text’
FFieldPtRepDemo: no visible global function definition for ‘ggtitle’
FFieldPtRepDemo: no visible global function definition for
‘geom_segment’
FFieldPtRepDemo: no visible global function definition for
‘grid.arrange’
Undefined global functions or variables:
aes geom_point geom_segment geom_text ggplot ggtitle grid.arrange mpg
mtcars
Consider adding
importFrom("datasets", "mtcars")
to your NAMESPACE file.
Flavors: r-devel-linux-x86_64-debian-clang, r-devel-linux-x86_64-debian-gcc, r-devel-linux-x86_64-fedora-clang, r-devel-linux-x86_64-fedora-gcc, r-devel-windows-ix86+x86_64, r-patched-linux-x86_64, r-patched-solaris-x86, r-release-linux-x86_64, r-release-windows-ix86+x86_64, r-release-osx-x86_64, r-oldrel-windows-ix86+x86_64, r-oldrel-osx-x86_64