CRAN Package Check Results for Package FastRCS

Last updated on 2018-04-29 01:46:47 CEST.

Flavor Version Tinstall Tcheck Ttotal Status Flags
r-devel-linux-x86_64-debian-clang 0.0.7 32.25 21.37 53.62 NOTE
r-devel-linux-x86_64-debian-gcc 0.0.7 27.58 17.90 45.48 WARN
r-devel-linux-x86_64-fedora-clang 0.0.7 69.57 NOTE
r-devel-linux-x86_64-fedora-gcc 0.0.7 66.42 WARN
r-devel-windows-ix86+x86_64 0.0.7 59.00 76.00 135.00 WARN
r-patched-linux-x86_64 0.0.7 29.34 21.48 50.82 WARN
r-patched-solaris-x86 0.0.7 66.40 OK
r-release-linux-x86_64 0.0.7 30.63 21.71 52.34 WARN
r-release-windows-ix86+x86_64 0.0.7 59.00 76.00 135.00 WARN
r-release-osx-x86_64 0.0.7 NOTE
r-oldrel-windows-ix86+x86_64 0.0.7 40.00 70.00 110.00 OK
r-oldrel-osx-x86_64 0.0.7 NOTE

Check Details

Version: 0.0.7
Check: compiled code
Result: NOTE
    File ‘FastRCS/libs/FastRCS.so’:
     Found no calls to: ‘R_registerRoutines’, ‘R_useDynamicSymbols’
    
    It is good practice to register native routines and to disable symbol
    search.
    
    See ‘Writing portable packages’ in the ‘Writing R Extensions’ manual.
Flavors: r-devel-linux-x86_64-debian-clang, r-devel-linux-x86_64-debian-gcc, r-devel-linux-x86_64-fedora-clang, r-devel-linux-x86_64-fedora-gcc, r-patched-linux-x86_64, r-release-linux-x86_64

Version: 0.0.7
Check: whether package can be installed
Result: WARN
    Found the following significant warnings:
     FastRCS.cpp:152:9: warning: suggest parentheses around comparison in operand of ‘|’ [-Wparentheses]
Flavors: r-devel-linux-x86_64-debian-gcc, r-devel-linux-x86_64-fedora-gcc, r-devel-windows-ix86+x86_64, r-patched-linux-x86_64, r-release-linux-x86_64, r-release-windows-ix86+x86_64

Version: 0.0.7
Check: installed package size
Result: NOTE
     installed size is 17.3Mb
     sub-directories of 1Mb or more:
     libs 17.2Mb
Flavors: r-devel-linux-x86_64-fedora-clang, r-devel-linux-x86_64-fedora-gcc, r-release-osx-x86_64, r-oldrel-osx-x86_64