Last updated on 2018-04-29 01:46:48 CEST.
Flavor | Version | Tinstall | Tcheck | Ttotal | Status | Flags |
---|---|---|---|---|---|---|
r-devel-linux-x86_64-debian-clang | 0.9.4 | 8.44 | 80.91 | 89.35 | OK | |
r-devel-linux-x86_64-debian-gcc | 0.9.4 | 6.66 | 73.40 | 80.06 | OK | |
r-devel-linux-x86_64-fedora-clang | 0.9.4 | 100.41 | OK | |||
r-devel-linux-x86_64-fedora-gcc | 0.9.4 | 98.02 | OK | |||
r-devel-windows-ix86+x86_64 | 0.9.4 | 18.00 | 124.00 | 142.00 | OK | |
r-patched-linux-x86_64 | 0.9.4 | 9.18 | 80.63 | 89.81 | OK | |
r-patched-solaris-x86 | 0.9.4 | 157.90 | OK | |||
r-release-linux-x86_64 | 0.9.4 | 8.06 | 81.56 | 89.62 | OK | |
r-release-windows-ix86+x86_64 | 0.9.4 | 18.00 | 124.00 | 142.00 | OK | |
r-release-osx-x86_64 | 0.9.4 | ERROR | ||||
r-oldrel-windows-ix86+x86_64 | 0.9.4 | 13.00 | 95.00 | 108.00 | OK | |
r-oldrel-osx-x86_64 | 0.9.4 | OK |
Version: 0.9.4
Check: package dependencies
Result: ERROR
Package required but not available: ‘devEMF’
See section ‘The DESCRIPTION file’ in the ‘Writing R Extensions’
manual.
Flavor: r-release-osx-x86_64