Last updated on 2018-04-29 01:46:49 CEST.
Flavor | Version | Tinstall | Tcheck | Ttotal | Status | Flags |
---|---|---|---|---|---|---|
r-devel-linux-x86_64-debian-clang | 2.1-1 | 4.41 | 62.02 | 66.43 | OK | |
r-devel-linux-x86_64-debian-gcc | 2.1-1 | 5.57 | 57.84 | 63.41 | OK | |
r-devel-linux-x86_64-fedora-clang | 2.1-1 | 81.32 | NOTE | |||
r-devel-linux-x86_64-fedora-gcc | 2.1-1 | 79.97 | NOTE | |||
r-devel-windows-ix86+x86_64 | 2.1-1 | 15.00 | 136.00 | 151.00 | OK | |
r-patched-linux-x86_64 | 2.1-1 | 5.06 | 61.34 | 66.40 | OK | |
r-patched-solaris-x86 | 2.1-1 | 134.80 | NOTE | |||
r-release-linux-x86_64 | 2.1-1 | 4.73 | 61.35 | 66.08 | OK | |
r-release-windows-ix86+x86_64 | 2.1-1 | 15.00 | 136.00 | 151.00 | OK | |
r-release-osx-x86_64 | 2.1-1 | NOTE | ||||
r-oldrel-windows-ix86+x86_64 | 2.1-1 | 11.00 | 84.00 | 95.00 | OK | |
r-oldrel-osx-x86_64 | 2.1-1 | NOTE |
Version: 2.1-1
Check: dependencies in R code
Result: NOTE
Namespace in Imports field not imported from: ‘scales’
All declared Imports should be used.
Flavors: r-devel-linux-x86_64-fedora-clang, r-devel-linux-x86_64-fedora-gcc, r-patched-solaris-x86, r-release-osx-x86_64, r-oldrel-osx-x86_64