CRAN Package Check Results for Package GERGM

Last updated on 2018-04-29 01:46:50 CEST.

Flavor Version Tinstall Tcheck Ttotal Status Flags
r-devel-linux-x86_64-debian-clang 0.11.2 68.02 377.07 445.09 OK
r-devel-linux-x86_64-debian-gcc 0.11.2 59.80 315.16 374.96 WARN
r-devel-linux-x86_64-fedora-clang 0.11.2 536.36 OK
r-devel-linux-x86_64-fedora-gcc 0.11.2 593.08 WARN
r-devel-windows-ix86+x86_64 0.11.2 218.00 517.00 735.00 WARN
r-patched-linux-x86_64 0.11.2 74.59 433.27 507.86 WARN
r-patched-solaris-x86 0.11.2 897.30 OK
r-release-linux-x86_64 0.11.2 73.07 412.69 485.76 WARN
r-release-windows-ix86+x86_64 0.11.2 218.00 517.00 735.00 WARN
r-release-osx-x86_64 0.11.2 OK
r-oldrel-windows-ix86+x86_64 0.11.2 157.00 394.00 551.00 OK
r-oldrel-osx-x86_64 0.11.2 OK

Check Details

Version: 0.11.2
Check: whether package can be installed
Result: WARN
    Found the following significant warnings:
     Extended_Metropolis_Hastings_Sampler.cpp:1426:33: warning: suggest parentheses around comparison in operand of ‘&’ [-Wparentheses]
     Extended_Metropolis_Hastings_Sampler.cpp:1471:33: warning: suggest parentheses around comparison in operand of ‘&’ [-Wparentheses]
     Extended_Metropolis_Hastings_Sampler.cpp:1969:27: warning: suggest parentheses around comparison in operand of ‘&’ [-Wparentheses]
     Extended_Metropolis_Hastings_Sampler.cpp:2007:27: warning: suggest parentheses around comparison in operand of ‘&’ [-Wparentheses]
     Metropolis_Hastings_Sampler.cpp:523:13: warning: suggest parentheses around comparison in operand of ‘&’ [-Wparentheses]
     Metropolis_Hastings_Sampler.cpp:527:13: warning: suggest parentheses around comparison in operand of ‘&’ [-Wparentheses]
     Metropolis_Hastings_Sampler.cpp:531:13: warning: suggest parentheses around comparison in operand of ‘&’ [-Wparentheses]
     Metropolis_Hastings_Sampler.cpp:535:13: warning: suggest parentheses around comparison in operand of ‘&’ [-Wparentheses]
     Metropolis_Hastings_Sampler.cpp:539:13: warning: suggest parentheses around comparison in operand of ‘&’ [-Wparentheses]
     Metropolis_Hastings_Sampler.cpp:543:13: warning: suggest parentheses around comparison in operand of ‘&’ [-Wparentheses]
     Metropolis_Hastings_Sampler.cpp:772:33: warning: suggest parentheses around comparison in operand of ‘&’ [-Wparentheses]
     Metropolis_Hastings_Sampler.cpp:823:33: warning: suggest parentheses around comparison in operand of ‘&’ [-Wparentheses]
Flavors: r-devel-linux-x86_64-debian-gcc, r-devel-linux-x86_64-fedora-gcc, r-devel-windows-ix86+x86_64, r-patched-linux-x86_64, r-release-linux-x86_64, r-release-windows-ix86+x86_64

Version: 0.11.2
Check: installed package size
Result: NOTE
     installed size is 5.3Mb
     sub-directories of 1Mb or more:
     libs 4.2Mb
Flavor: r-devel-linux-x86_64-fedora-gcc